Last updated on 2023-06-10 05:52:50 CEST.
Flavor | Version | Tinstall | Tcheck | Ttotal | Status | Flags |
---|---|---|---|---|---|---|
r-devel-linux-x86_64-debian-clang | 0.3.5 | 35.87 | 268.23 | 304.10 | OK | |
r-devel-linux-x86_64-debian-gcc | 0.3.5 | 29.35 | 206.32 | 235.67 | OK | |
r-devel-linux-x86_64-fedora-clang | 0.3.5 | 556.79 | NOTE | |||
r-devel-linux-x86_64-fedora-gcc | 0.3.5 | 365.50 | NOTE | |||
r-devel-windows-x86_64 | 0.3.5 | 30.00 | 254.00 | 284.00 | OK | |
r-patched-linux-x86_64 | 0.3.5 | 23.71 | 244.93 | 268.64 | OK | |
r-release-linux-x86_64 | 0.3.5 | 25.93 | 253.06 | 278.99 | OK | |
r-release-macos-arm64 | 0.3.5 | 138.00 | OK | |||
r-release-macos-x86_64 | 0.3.5 | 261.00 | OK | |||
r-release-windows-x86_64 | 0.3.5 | 45.00 | 366.00 | 411.00 | OK | |
r-oldrel-macos-arm64 | 0.3.5 | 124.00 | NOTE | |||
r-oldrel-macos-x86_64 | 0.3.5 | 176.00 | NOTE | |||
r-oldrel-windows-x86_64 | 0.3.5 | 42.00 | 350.00 | 392.00 | OK |
Version: 0.3.5
Check: data for non-ASCII characters
Result: NOTE
Note: found 5 marked UTF-8 strings
Flavors: r-devel-linux-x86_64-fedora-clang, r-devel-linux-x86_64-fedora-gcc, r-oldrel-macos-arm64, r-oldrel-macos-x86_64