CRAN Package Check Results for Package zerotradeflow

Last updated on 2023-06-09 05:55:15 CEST.

Flavor Version Tinstall Tcheck Ttotal Status Flags
r-devel-linux-x86_64-debian-clang 0.1.0 16.34 44.42 60.76 OK
r-devel-linux-x86_64-debian-gcc 0.1.0 13.63 33.90 47.53 OK
r-devel-linux-x86_64-fedora-clang 0.1.0 76.89 NOTE
r-devel-linux-x86_64-fedora-gcc 0.1.0 72.80 NOTE
r-devel-windows-x86_64 0.1.0 18.00 54.00 72.00 OK
r-patched-linux-x86_64 0.1.0 14.93 41.59 56.52 OK
r-release-linux-x86_64 0.1.0 11.19 41.13 52.32 OK
r-release-macos-arm64 0.1.0 31.00 OK
r-release-macos-x86_64 0.1.0 48.00 OK
r-release-windows-x86_64 0.1.0 22.00 58.00 80.00 OK
r-oldrel-macos-arm64 0.1.0 35.00 NOTE
r-oldrel-macos-x86_64 0.1.0 41.00 NOTE
r-oldrel-windows-x86_64 0.1.0 22.00 63.00 85.00 OK

Check Details

Version: 0.1.0
Check: dependencies in R code
Result: NOTE
    Namespace in Imports field not imported from: ‘tidyverse’
     All declared Imports should be used.
Flavors: r-devel-linux-x86_64-fedora-clang, r-devel-linux-x86_64-fedora-gcc, r-oldrel-macos-arm64, r-oldrel-macos-x86_64