Last updated on 2023-06-04 05:50:58 CEST.
Flavor | Version | Tinstall | Tcheck | Ttotal | Status | Flags |
---|---|---|---|---|---|---|
r-devel-linux-x86_64-debian-clang | 1.1.2 | 17.85 | 264.65 | 282.50 | OK | |
r-devel-linux-x86_64-debian-gcc | 1.1.2 | 16.16 | 198.04 | 214.20 | OK | |
r-devel-linux-x86_64-fedora-clang | 1.1.2 | 349.39 | NOTE | |||
r-devel-linux-x86_64-fedora-gcc | 1.1.2 | 342.82 | OK | |||
r-devel-windows-x86_64 | 1.1.2 | 19.00 | 208.00 | 227.00 | OK | |
r-patched-linux-x86_64 | 1.1.2 | 13.24 | 251.07 | 264.31 | OK | |
r-release-linux-x86_64 | 1.1.2 | 12.96 | 250.92 | 263.88 | OK | |
r-release-macos-arm64 | 1.1.2 | 102.00 | OK | |||
r-release-macos-x86_64 | 1.1.2 | 167.00 | OK | |||
r-release-windows-x86_64 | 1.1.2 | 23.00 | 267.00 | 290.00 | OK | |
r-oldrel-macos-arm64 | 1.1.2 | 89.00 | OK | |||
r-oldrel-macos-x86_64 | 1.1.2 | 146.00 | OK | |||
r-oldrel-windows-x86_64 | 1.1.2 | 24.00 | 267.00 | 291.00 | OK |
Version: 1.1.2
Check: Rd cross-references
Result: NOTE
Undeclared package ‘rlang’ in Rd xrefs
Flavor: r-devel-linux-x86_64-fedora-clang