CRAN Package Check Results for Package xesreadR

Last updated on 2024-04-18 06:10:05 CEST.

Flavor Version Tinstall Tcheck Ttotal Status Flags
r-devel-linux-x86_64-debian-clang 0.2.3 9.24 79.95 89.19 NOTE
r-devel-linux-x86_64-debian-gcc 0.2.3 7.39 59.14 66.53 NOTE
r-devel-linux-x86_64-fedora-clang 0.2.3 113.03 NOTE
r-devel-linux-x86_64-fedora-gcc 0.2.3 116.59 NOTE
r-prerel-macos-arm64 0.2.3 40.00 NOTE
r-prerel-windows-x86_64 0.2.3 12.00 74.00 86.00 NOTE
r-patched-linux-x86_64 0.2.3 9.20 75.75 84.95 NOTE
r-release-linux-x86_64 0.2.3 9.22 74.28 83.50 NOTE
r-release-macos-arm64 0.2.3 36.00 NOTE
r-release-macos-x86_64 0.2.3 58.00 NOTE
r-release-windows-x86_64 0.2.3 14.00 82.00 96.00 NOTE
r-oldrel-macos-arm64 0.2.3 31.00 NOTE
r-oldrel-windows-x86_64 0.2.3 14.00 86.00 100.00 NOTE

Check Details

Version: 0.2.3
Check: LazyData
Result: NOTE 'LazyData' is specified without a 'data' directory Flavors: r-devel-linux-x86_64-debian-clang, r-devel-linux-x86_64-debian-gcc, r-devel-linux-x86_64-fedora-clang, r-devel-linux-x86_64-fedora-gcc, r-prerel-macos-arm64, r-prerel-windows-x86_64, r-patched-linux-x86_64, r-release-linux-x86_64, r-release-macos-arm64, r-release-macos-x86_64, r-release-windows-x86_64, r-oldrel-macos-arm64, r-oldrel-windows-x86_64