Last updated on 2023-06-09 05:55:15 CEST.
Flavor | Version | Tinstall | Tcheck | Ttotal | Status | Flags |
---|---|---|---|---|---|---|
r-devel-linux-x86_64-debian-clang | 1.7.8 | 11.62 | 104.09 | 115.71 | OK | |
r-devel-linux-x86_64-debian-gcc | 1.7.8 | 9.71 | 77.52 | 87.23 | OK | |
r-devel-linux-x86_64-fedora-clang | 1.7.8 | 144.57 | NOTE | |||
r-devel-linux-x86_64-fedora-gcc | 1.7.8 | 136.31 | OK | |||
r-devel-windows-x86_64 | 1.7.8 | 12.00 | 89.00 | 101.00 | OK | |
r-patched-linux-x86_64 | 1.7.8 | 9.70 | 96.75 | 106.45 | OK | |
r-release-linux-x86_64 | 1.7.8 | 10.53 | 95.63 | 106.16 | OK | |
r-release-macos-arm64 | 1.7.8 | 45.00 | OK | |||
r-release-macos-x86_64 | 1.7.8 | 71.00 | OK | |||
r-release-windows-x86_64 | 1.7.8 | 16.00 | 108.00 | 124.00 | OK | |
r-oldrel-macos-arm64 | 1.7.8 | 35.00 | OK | |||
r-oldrel-macos-x86_64 | 1.7.8 | 56.00 | OK | |||
r-oldrel-windows-x86_64 | 1.7.8 | 16.00 | 109.00 | 125.00 | OK |
Version: 1.7.8
Check: Rd cross-references
Result: NOTE
Undeclared package ‘RSiena’ in Rd xrefs
Flavor: r-devel-linux-x86_64-fedora-clang