Last updated on 2023-05-28 05:52:22 CEST.
Flavor | Version | Tinstall | Tcheck | Ttotal | Status | Flags |
---|---|---|---|---|---|---|
r-devel-linux-x86_64-debian-clang | 0.1.1 | 14.37 | 134.85 | 149.22 | OK | |
r-devel-linux-x86_64-debian-gcc | 0.1.1 | 13.40 | 103.44 | 116.84 | OK | |
r-devel-linux-x86_64-fedora-clang | 0.1.1 | 189.02 | NOTE | |||
r-devel-linux-x86_64-fedora-gcc | 0.1.1 | 181.58 | NOTE | |||
r-devel-windows-x86_64 | 0.1.1 | 15.00 | 113.00 | 128.00 | OK | |
r-patched-linux-x86_64 | 0.1.1 | 17.89 | 129.70 | 147.59 | OK | |
r-release-linux-x86_64 | 0.1.1 | 15.40 | 130.38 | 145.78 | OK | |
r-release-macos-arm64 | 0.1.1 | 55.00 | OK | |||
r-release-macos-x86_64 | 0.1.1 | 100.00 | OK | |||
r-release-windows-x86_64 | 0.1.1 | 17.00 | 131.00 | 148.00 | OK | |
r-oldrel-macos-arm64 | 0.1.1 | 91.00 | NOTE | |||
r-oldrel-macos-x86_64 | 0.1.1 | 141.00 | NOTE | |||
r-oldrel-windows-x86_64 | 0.1.1 | 16.00 | 129.00 | 145.00 | OK |
Version: 0.1.1
Check: dependencies in R code
Result: NOTE
Namespace in Imports field not imported from: ‘tcltk2’
All declared Imports should be used.
Flavors: r-devel-linux-x86_64-fedora-clang, r-devel-linux-x86_64-fedora-gcc, r-oldrel-macos-arm64, r-oldrel-macos-x86_64