Last updated on 2023-05-29 05:55:18 CEST.
Flavor | Version | Tinstall | Tcheck | Ttotal | Status | Flags |
---|---|---|---|---|---|---|
r-devel-linux-x86_64-debian-clang | 0.1.1 | 185.35 | 47.95 | 233.30 | OK | |
r-devel-linux-x86_64-debian-gcc | 0.1.1 | 140.26 | 37.43 | 177.69 | OK | |
r-devel-linux-x86_64-fedora-clang | 0.1.1 | 358.28 | NOTE | |||
r-devel-linux-x86_64-fedora-gcc | 0.1.1 | 351.19 | NOTE | |||
r-devel-windows-x86_64 | 0.1.1 | 132.00 | 85.00 | 217.00 | NOTE | |
r-patched-linux-x86_64 | 0.1.1 | 121.63 | 46.59 | 168.22 | OK | |
r-release-linux-x86_64 | 0.1.1 | 110.42 | 45.58 | 156.00 | OK | |
r-release-macos-arm64 | 0.1.1 | 76.00 | NOTE | |||
r-release-macos-x86_64 | 0.1.1 | 138.00 | NOTE | |||
r-release-windows-x86_64 | 0.1.1 | 175.00 | 103.00 | 278.00 | NOTE | |
r-oldrel-macos-arm64 | 0.1.1 | 68.00 | NOTE | |||
r-oldrel-macos-x86_64 | 0.1.1 | 112.00 | NOTE | |||
r-oldrel-windows-x86_64 | 0.1.1 | 169.00 | 83.00 | 252.00 | OK |
Version: 0.1.1
Check: dependencies in R code
Result: NOTE
Namespace in Imports field not imported from: ‘simts’
All declared Imports should be used.
Flavors: r-devel-linux-x86_64-fedora-clang, r-devel-linux-x86_64-fedora-gcc, r-oldrel-macos-arm64, r-oldrel-macos-x86_64
Version: 0.1.1
Check: C++ specification
Result: NOTE
Specified C++11: please drop specification unless essential
Flavors: r-devel-windows-x86_64, r-release-windows-x86_64
Version: 0.1.1
Check: installed package size
Result: NOTE
installed size is 8.6Mb
sub-directories of 1Mb or more:
help 1.6Mb
libs 6.8Mb
Flavors: r-release-macos-arm64, r-release-macos-x86_64, r-oldrel-macos-arm64, r-oldrel-macos-x86_64