CRAN Package Check Results for Package worrms

Last updated on 2023-06-07 05:58:36 CEST.

Flavor Version Tinstall Tcheck Ttotal Status Flags
r-devel-linux-x86_64-debian-clang 0.4.2 3.11 38.73 41.84 NOTE
r-devel-linux-x86_64-debian-gcc 0.4.2 2.25 29.98 32.23 NOTE
r-devel-linux-x86_64-fedora-clang 0.4.2 52.19 NOTE
r-devel-linux-x86_64-fedora-gcc 0.4.2 61.64 NOTE
r-devel-windows-x86_64 0.4.2 4.00 55.00 59.00 NOTE
r-patched-linux-x86_64 0.4.2 3.42 36.89 40.31 NOTE
r-release-linux-x86_64 0.4.2 2.91 37.02 39.93 NOTE
r-release-macos-arm64 0.4.2 28.00 NOTE
r-release-macos-x86_64 0.4.2 41.00 NOTE
r-release-windows-x86_64 0.4.2 5.00 57.00 62.00 NOTE
r-oldrel-macos-arm64 0.4.2 21.00 NOTE
r-oldrel-macos-x86_64 0.4.2 32.00 NOTE
r-oldrel-windows-x86_64 0.4.2 4.00 57.00 61.00 NOTE

Check Details

Version: 0.4.2
Check: LazyData
Result: NOTE
     'LazyData' is specified without a 'data' directory
Flavors: r-devel-linux-x86_64-debian-clang, r-devel-linux-x86_64-debian-gcc, r-devel-linux-x86_64-fedora-clang, r-devel-linux-x86_64-fedora-gcc, r-devel-windows-x86_64, r-patched-linux-x86_64, r-release-linux-x86_64, r-release-macos-arm64, r-release-macos-x86_64, r-release-windows-x86_64, r-oldrel-macos-arm64, r-oldrel-macos-x86_64, r-oldrel-windows-x86_64