Last updated on 2023-05-29 05:55:18 CEST.
Flavor | Version | Tinstall | Tcheck | Ttotal | Status | Flags |
---|---|---|---|---|---|---|
r-devel-linux-x86_64-debian-clang | 1.5 | 13.98 | 131.48 | 145.46 | NOTE | |
r-devel-linux-x86_64-debian-gcc | 1.5 | 11.64 | 96.34 | 107.98 | NOTE | |
r-devel-linux-x86_64-fedora-clang | 1.5 | 180.67 | NOTE | |||
r-devel-linux-x86_64-fedora-gcc | 1.5 | 172.29 | NOTE | |||
r-devel-windows-x86_64 | 1.5 | 13.00 | 109.00 | 122.00 | NOTE | |
r-patched-linux-x86_64 | 1.5 | 11.39 | 120.78 | 132.17 | NOTE | |
r-release-linux-x86_64 | 1.5 | 9.52 | 123.57 | 133.09 | NOTE | |
r-release-macos-arm64 | 1.5 | 47.00 | NOTE | |||
r-release-macos-x86_64 | 1.5 | 80.00 | NOTE | |||
r-release-windows-x86_64 | 1.5 | 18.00 | 131.00 | 149.00 | NOTE | |
r-oldrel-macos-arm64 | 1.5 | 41.00 | OK | |||
r-oldrel-macos-x86_64 | 1.5 | 94.00 | OK | |||
r-oldrel-windows-x86_64 | 1.5 | 17.00 | 130.00 | 147.00 | OK |
Version: 1.5
Check: Rd \usage sections
Result: NOTE
S3 methods shown with full name in documentation object ‘QIC.gee’:
‘QIC.gee’
The \usage entries for S3 methods should use the \method markup and not
their full name.
See chapter ‘Writing R documentation files’ in the ‘Writing R
Extensions’ manual.
Flavors: r-devel-linux-x86_64-debian-clang, r-devel-linux-x86_64-debian-gcc, r-devel-linux-x86_64-fedora-clang, r-devel-linux-x86_64-fedora-gcc, r-devel-windows-x86_64, r-patched-linux-x86_64, r-release-linux-x86_64, r-release-macos-arm64, r-release-macos-x86_64, r-release-windows-x86_64