CRAN Package Check Results for Package wal

Last updated on 2023-05-29 05:55:18 CEST.

Flavor Version Tinstall Tcheck Ttotal Status Flags
r-devel-linux-x86_64-debian-clang 0.1.0 4.62 69.41 74.03 NOTE
r-devel-linux-x86_64-debian-gcc 0.1.0 3.83 53.25 57.08 NOTE
r-devel-linux-x86_64-fedora-clang 0.1.0 93.68 NOTE
r-devel-linux-x86_64-fedora-gcc 0.1.0 99.13 NOTE
r-devel-windows-x86_64 0.1.0 8.00 78.00 86.00 NOTE
r-patched-linux-x86_64 0.1.0 4.65 66.93 71.58 NOTE
r-release-linux-x86_64 0.1.0 5.26 66.81 72.07 NOTE
r-release-macos-arm64 0.1.0 36.00 NOTE
r-release-macos-x86_64 0.1.0 52.00 NOTE
r-release-windows-x86_64 0.1.0 9.00 88.00 97.00 NOTE
r-oldrel-macos-arm64 0.1.0 22.00 NOTE
r-oldrel-macos-x86_64 0.1.0 41.00 NOTE
r-oldrel-windows-x86_64 0.1.0 9.00 83.00 92.00 NOTE

Check Details

Version: 0.1.0
Check: LazyData
Result: NOTE
     'LazyData' is specified without a 'data' directory
Flavors: r-devel-linux-x86_64-debian-clang, r-devel-linux-x86_64-debian-gcc, r-devel-linux-x86_64-fedora-clang, r-devel-linux-x86_64-fedora-gcc, r-devel-windows-x86_64, r-patched-linux-x86_64, r-release-linux-x86_64, r-release-macos-arm64, r-release-macos-x86_64, r-release-windows-x86_64, r-oldrel-macos-arm64, r-oldrel-macos-x86_64, r-oldrel-windows-x86_64