Last updated on 2023-06-02 05:58:14 CEST.
Flavor | Version | Tinstall | Tcheck | Ttotal | Status | Flags |
---|---|---|---|---|---|---|
r-devel-linux-x86_64-debian-clang | 0.1.0 | 10.86 | 100.03 | 110.89 | OK | |
r-devel-linux-x86_64-debian-gcc | 0.1.0 | 9.21 | 75.59 | 84.80 | OK | |
r-devel-linux-x86_64-fedora-clang | 0.1.0 | 137.69 | NOTE | |||
r-devel-linux-x86_64-fedora-gcc | 0.1.0 | 132.17 | NOTE | |||
r-devel-windows-x86_64 | 0.1.0 | 10.00 | 95.00 | 105.00 | OK | |
r-patched-linux-x86_64 | 0.1.0 | OK | ||||
r-release-linux-x86_64 | 0.1.0 | 10.40 | 93.93 | 104.33 | OK | |
r-release-macos-arm64 | 0.1.0 | 45.00 | OK | |||
r-release-macos-x86_64 | 0.1.0 | 67.00 | OK | |||
r-release-windows-x86_64 | 0.1.0 | 15.00 | 107.00 | 122.00 | OK | |
r-oldrel-macos-arm64 | 0.1.0 | 38.00 | NOTE | |||
r-oldrel-macos-x86_64 | 0.1.0 | 68.00 | NOTE | |||
r-oldrel-windows-x86_64 | 0.1.0 | 14.00 | 104.00 | 118.00 | OK |
Version: 0.1.0
Check: dependencies in R code
Result: NOTE
Namespace in Imports field not imported from: ‘flexsurv’
All declared Imports should be used.
Flavors: r-devel-linux-x86_64-fedora-clang, r-devel-linux-x86_64-fedora-gcc, r-oldrel-macos-arm64, r-oldrel-macos-x86_64