CRAN Package Check Results for Package votesys

Last updated on 2023-06-08 05:58:25 CEST.

Flavor Version Tinstall Tcheck Ttotal Status Flags
r-devel-linux-x86_64-debian-clang 0.1.1 10.93 83.69 94.62 NOTE
r-devel-linux-x86_64-debian-gcc 0.1.1 7.07 62.30 69.37 NOTE
r-devel-linux-x86_64-fedora-clang 0.1.1 116.98 NOTE
r-devel-linux-x86_64-fedora-gcc 0.1.1 109.58 NOTE
r-devel-windows-x86_64 0.1.1 8.00 78.00 86.00 NOTE
r-patched-linux-x86_64 0.1.1 9.20 78.88 88.08 NOTE
r-release-linux-x86_64 0.1.1 8.44 78.47 86.91 NOTE
r-release-macos-arm64 0.1.1 36.00 NOTE
r-release-macos-x86_64 0.1.1 55.00 NOTE
r-release-windows-x86_64 0.1.1 12.00 90.00 102.00 NOTE
r-oldrel-macos-arm64 0.1.1 32.00 NOTE
r-oldrel-macos-x86_64 0.1.1 44.00 NOTE
r-oldrel-windows-x86_64 0.1.1 11.00 90.00 101.00 NOTE

Check Details

Version: 0.1.1
Check: LazyData
Result: NOTE
     'LazyData' is specified without a 'data' directory
Flavors: r-devel-linux-x86_64-debian-clang, r-devel-linux-x86_64-debian-gcc, r-devel-linux-x86_64-fedora-clang, r-devel-linux-x86_64-fedora-gcc, r-devel-windows-x86_64, r-patched-linux-x86_64, r-release-linux-x86_64, r-release-macos-arm64, r-release-macos-x86_64, r-release-windows-x86_64, r-oldrel-macos-arm64, r-oldrel-macos-x86_64, r-oldrel-windows-x86_64