Last updated on 2023-05-29 05:55:18 CEST.
Flavor | Version | Tinstall | Tcheck | Ttotal | Status | Flags |
---|---|---|---|---|---|---|
r-devel-linux-x86_64-debian-clang | 2.1 | 23.67 | 2.11 | 25.78 | ERROR | |
r-devel-linux-x86_64-debian-gcc | 2.1 | 3.88 | 1.84 | 5.72 | ERROR | |
r-devel-linux-x86_64-fedora-clang | 2.1 | 298.70 | NOTE | |||
r-devel-linux-x86_64-fedora-gcc | 2.1 | 10.27 | ERROR | |||
r-devel-windows-x86_64 | 2.1 | 79.00 | 5.00 | 84.00 | ERROR | |
r-patched-linux-x86_64 | 2.1 | 3.83 | 2.04 | 5.87 | ERROR | |
r-release-linux-x86_64 | 2.1 | 3.32 | 2.09 | 5.41 | ERROR | |
r-release-macos-arm64 | 2.1 | 99.00 | NOTE | |||
r-release-macos-x86_64 | 2.1 | 154.00 | NOTE | |||
r-release-windows-x86_64 | 2.1 | 104.00 | 5.00 | 109.00 | ERROR | |
r-oldrel-macos-arm64 | 2.1 | 84.00 | NOTE | |||
r-oldrel-macos-x86_64 | 2.1 | 142.00 | NOTE | |||
r-oldrel-windows-x86_64 | 2.1 | 95.00 | 10.00 | 105.00 | ERROR |
Version: 2.1
Check: whether package can be installed
Result: ERROR
Installation failed.
Flavors: r-devel-linux-x86_64-debian-clang, r-devel-linux-x86_64-debian-gcc, r-devel-linux-x86_64-fedora-gcc, r-devel-windows-x86_64, r-patched-linux-x86_64, r-release-linux-x86_64, r-release-windows-x86_64, r-oldrel-windows-x86_64
Version: 2.1
Check: C++ specification
Result: NOTE
Specified C++14: please drop specification unless essential
Flavors: r-devel-linux-x86_64-fedora-clang, r-release-macos-arm64, r-release-macos-x86_64
Version: 2.1
Check: dependencies in R code
Result: NOTE
Namespace in Imports field not imported from: ‘sqldf’
All declared Imports should be used.
Flavors: r-devel-linux-x86_64-fedora-clang, r-oldrel-macos-arm64, r-oldrel-macos-x86_64
Version: 2.1
Check: LazyData
Result: NOTE
'LazyData' is specified without a 'data' directory
Flavors: r-devel-linux-x86_64-fedora-clang, r-release-macos-arm64, r-release-macos-x86_64, r-oldrel-macos-arm64, r-oldrel-macos-x86_64
Version: 2.1
Check: for GNU extensions in Makefiles
Result: NOTE
GNU make is a SystemRequirements.
Flavors: r-devel-linux-x86_64-fedora-clang, r-release-macos-arm64, r-release-macos-x86_64, r-oldrel-macos-arm64, r-oldrel-macos-x86_64
Version: 2.1
Check: installed package size
Result: NOTE
installed size is 34.0Mb
sub-directories of 1Mb or more:
libs 33.3Mb
Flavors: r-release-macos-arm64, r-release-macos-x86_64, r-oldrel-macos-arm64, r-oldrel-macos-x86_64