Last updated on 2023-06-10 05:52:49 CEST.
Flavor | Version | Tinstall | Tcheck | Ttotal | Status | Flags |
---|---|---|---|---|---|---|
r-devel-linux-x86_64-debian-clang | 0.8.1 | 7.97 | 89.05 | 97.02 | OK | |
r-devel-linux-x86_64-debian-gcc | 0.8.1 | 7.02 | 70.04 | 77.06 | OK | |
r-devel-linux-x86_64-fedora-clang | 0.8.1 | 123.87 | NOTE | |||
r-devel-linux-x86_64-fedora-gcc | 0.8.1 | 130.85 | NOTE | |||
r-devel-windows-x86_64 | 0.8.1 | 12.00 | 91.00 | 103.00 | OK | |
r-patched-linux-x86_64 | 0.8.1 | 7.34 | 86.58 | 93.92 | OK | |
r-release-linux-x86_64 | 0.8.1 | 7.50 | 86.23 | 93.73 | OK | |
r-release-macos-arm64 | 0.8.1 | 47.00 | OK | |||
r-release-macos-x86_64 | 0.8.1 | 75.00 | OK | |||
r-release-windows-x86_64 | 0.8.1 | 10.00 | 104.00 | 114.00 | OK | |
r-oldrel-macos-arm64 | 0.8.1 | 41.00 | NOTE | |||
r-oldrel-macos-x86_64 | 0.8.1 | 56.00 | NOTE | |||
r-oldrel-windows-x86_64 | 0.8.1 | 10.00 | 107.00 | 117.00 | OK |
Version: 0.8.1
Check: dependencies in R code
Result: NOTE
Namespace in Imports field not imported from: ‘rpart’
All declared Imports should be used.
Flavors: r-devel-linux-x86_64-fedora-clang, r-devel-linux-x86_64-fedora-gcc, r-oldrel-macos-arm64, r-oldrel-macos-x86_64