CRAN Package Check Results for Package visStatistics

Last updated on 2023-06-08 05:58:25 CEST.

Flavor Version Tinstall Tcheck Ttotal Status Flags
r-devel-linux-x86_64-debian-clang 0.1.1 4.59 38.62 43.21 NOTE
r-devel-linux-x86_64-debian-gcc 0.1.1 3.39 30.42 33.81 NOTE
r-devel-linux-x86_64-fedora-clang 0.1.1 54.25 NOTE
r-devel-linux-x86_64-fedora-gcc 0.1.1 51.31 NOTE
r-devel-windows-x86_64 0.1.1 6.00 51.00 57.00 NOTE
r-patched-linux-x86_64 0.1.1 4.08 37.46 41.54 NOTE
r-release-linux-x86_64 0.1.1 3.79 37.23 41.02 NOTE
r-release-macos-arm64 0.1.1 20.00 NOTE
r-release-macos-x86_64 0.1.1 31.00 NOTE
r-release-windows-x86_64 0.1.1 7.00 55.00 62.00 NOTE
r-oldrel-macos-arm64 0.1.1 22.00 NOTE
r-oldrel-macos-x86_64 0.1.1 30.00 NOTE
r-oldrel-windows-x86_64 0.1.1 6.00 54.00 60.00 NOTE

Check Details

Version: 0.1.1
Check: LazyData
Result: NOTE
     'LazyData' is specified without a 'data' directory
Flavors: r-devel-linux-x86_64-debian-clang, r-devel-linux-x86_64-debian-gcc, r-devel-linux-x86_64-fedora-clang, r-devel-linux-x86_64-fedora-gcc, r-devel-windows-x86_64, r-patched-linux-x86_64, r-release-linux-x86_64, r-release-macos-arm64, r-release-macos-x86_64, r-release-windows-x86_64, r-oldrel-macos-arm64, r-oldrel-macos-x86_64, r-oldrel-windows-x86_64