Last updated on 2023-06-09 05:55:15 CEST.
Flavor | Version | Tinstall | Tcheck | Ttotal | Status | Flags |
---|---|---|---|---|---|---|
r-devel-linux-x86_64-debian-clang | 2.3.1 | 8.42 | 314.90 | 323.32 | OK | |
r-devel-linux-x86_64-debian-gcc | 2.3.1 | 6.73 | 241.03 | 247.76 | OK | |
r-devel-linux-x86_64-fedora-clang | 2.3.1 | 376.39 | OK | |||
r-devel-linux-x86_64-fedora-gcc | 2.3.1 | 378.86 | OK | |||
r-devel-windows-x86_64 | 2.3.1 | 10.00 | 276.00 | 286.00 | OK | |
r-patched-linux-x86_64 | 2.3.1 | 10.40 | 296.22 | 306.62 | OK | |
r-release-linux-x86_64 | 2.3.1 | 6.81 | 303.29 | 310.10 | OK | |
r-release-macos-arm64 | 2.3.1 | 141.00 | OK | |||
r-release-macos-x86_64 | 2.3.1 | 211.00 | NOTE | |||
r-release-windows-x86_64 | 2.3.1 | 10.00 | 309.00 | 319.00 | OK | |
r-oldrel-macos-arm64 | 2.3.1 | 104.00 | OK | |||
r-oldrel-macos-x86_64 | 2.3.1 | 204.00 | OK | |||
r-oldrel-windows-x86_64 | 2.3.1 | 11.00 | 299.00 | 310.00 | OK |
Version: 2.3.1
Check: package dependencies
Result: NOTE
Package suggested but not available for checking: ‘xgboost’
Flavor: r-release-macos-x86_64