Last updated on 2023-05-29 05:55:18 CEST.
Flavor | Version | Tinstall | Tcheck | Ttotal | Status | Flags |
---|---|---|---|---|---|---|
r-devel-linux-x86_64-debian-clang | 0.4.0 | 3.45 | 65.12 | 68.57 | OK | |
r-devel-linux-x86_64-debian-gcc | 0.4.0 | 3.40 | 49.27 | 52.67 | OK | |
r-devel-linux-x86_64-fedora-clang | 0.4.0 | 84.86 | NOTE | |||
r-devel-linux-x86_64-fedora-gcc | 0.4.0 | 94.43 | NOTE | |||
r-devel-windows-x86_64 | 0.4.0 | 6.00 | 66.00 | 72.00 | OK | |
r-patched-linux-x86_64 | 0.4.0 | 5.04 | 61.38 | 66.42 | OK | |
r-release-linux-x86_64 | 0.4.0 | 4.57 | 61.59 | 66.16 | OK | |
r-release-macos-arm64 | 0.4.0 | 36.00 | OK | |||
r-release-macos-x86_64 | 0.4.0 | 55.00 | OK | |||
r-release-windows-x86_64 | 0.4.0 | 8.00 | 76.00 | 84.00 | OK | |
r-oldrel-macos-arm64 | 0.4.0 | 22.00 | NOTE | |||
r-oldrel-macos-x86_64 | 0.4.0 | 40.00 | NOTE | |||
r-oldrel-windows-x86_64 | 0.4.0 | 9.00 | 78.00 | 87.00 | OK |
Version: 0.4.0
Check: data for non-ASCII characters
Result: NOTE
Note: found 468 marked UTF-8 strings
Flavors: r-devel-linux-x86_64-fedora-clang, r-devel-linux-x86_64-fedora-gcc, r-oldrel-macos-arm64, r-oldrel-macos-x86_64