Last updated on 2023-06-08 05:58:25 CEST.
Flavor | Version | Tinstall | Tcheck | Ttotal | Status | Flags |
---|---|---|---|---|---|---|
r-devel-linux-x86_64-debian-clang | 0.2.1 | 6.53 | 122.34 | 128.87 | OK | |
r-devel-linux-x86_64-debian-gcc | 0.2.1 | 6.43 | 94.54 | 100.97 | OK | |
r-devel-linux-x86_64-fedora-clang | 0.2.1 | 164.32 | OK | |||
r-devel-linux-x86_64-fedora-gcc | 0.2.1 | 169.60 | OK | |||
r-devel-windows-x86_64 | 0.2.1 | 10.00 | 118.00 | 128.00 | OK | |
r-patched-linux-x86_64 | 0.2.1 | 6.20 | 118.66 | 124.86 | OK | |
r-release-linux-x86_64 | 0.2.1 | 4.81 | 117.32 | 122.13 | OK | |
r-release-macos-arm64 | 0.2.1 | 54.00 | OK | |||
r-release-macos-x86_64 | 0.2.0 | 83.00 | NOTE | |||
r-release-windows-x86_64 | 0.2.1 | 11.00 | 140.00 | 151.00 | OK | |
r-oldrel-macos-arm64 | 0.2.1 | 49.00 | OK | |||
r-oldrel-macos-x86_64 | 0.2.1 | 75.00 | OK | |||
r-oldrel-windows-x86_64 | 0.2.1 | 11.00 | 134.00 | 145.00 | OK |
Version: 0.2.0
Check: package dependencies
Result: NOTE
Package suggested but not available for checking: ‘stacks’
Flavor: r-release-macos-x86_64