CRAN Package Check Results for Package vasicek

Last updated on 2023-06-05 05:54:51 CEST.

Flavor Version Tinstall Tcheck Ttotal Status Flags
r-devel-linux-x86_64-debian-clang 0.0.3 2.09 23.24 25.33 NOTE
r-devel-linux-x86_64-debian-gcc 0.0.3 1.77 17.46 19.23 NOTE
r-devel-linux-x86_64-fedora-clang 0.0.3 32.70 NOTE
r-devel-linux-x86_64-fedora-gcc 0.0.3 29.76 NOTE
r-devel-windows-x86_64 0.0.3 2.00 41.00 43.00 NOTE
r-patched-linux-x86_64 0.0.3 2.22 21.56 23.78 NOTE
r-release-linux-x86_64 0.0.3 1.62 21.40 23.02 NOTE
r-release-macos-arm64 0.0.3 22.00 NOTE
r-release-macos-x86_64 0.0.3 21.00 NOTE
r-release-windows-x86_64 0.0.3 3.00 37.00 40.00 NOTE
r-oldrel-macos-arm64 0.0.3 16.00 NOTE
r-oldrel-macos-x86_64 0.0.3 20.00 NOTE
r-oldrel-windows-x86_64 0.0.3 7.00 55.00 62.00 NOTE

Check Details

Version: 0.0.3
Check: LazyData
Result: NOTE
     'LazyData' is specified without a 'data' directory
Flavors: r-devel-linux-x86_64-debian-clang, r-devel-linux-x86_64-debian-gcc, r-devel-linux-x86_64-fedora-clang, r-devel-linux-x86_64-fedora-gcc, r-devel-windows-x86_64, r-patched-linux-x86_64, r-release-linux-x86_64, r-release-macos-arm64, r-release-macos-x86_64, r-release-windows-x86_64, r-oldrel-macos-arm64, r-oldrel-macos-x86_64, r-oldrel-windows-x86_64