CRAN Package Check Results for Package varband

Last updated on 2023-05-28 05:52:22 CEST.

Flavor Version Tinstall Tcheck Ttotal Status Flags
r-devel-linux-x86_64-debian-clang 0.9.0 34.02 59.59 93.61 NOTE
r-devel-linux-x86_64-debian-gcc 0.9.0 27.68 45.65 73.33 NOTE
r-devel-linux-x86_64-fedora-clang 0.9.0 133.56 NOTE
r-devel-linux-x86_64-fedora-gcc 0.9.0 138.54 NOTE
r-devel-windows-x86_64 0.9.0 29.00 92.00 121.00 NOTE
r-patched-linux-x86_64 0.9.0 30.04 57.46 87.50 NOTE
r-release-linux-x86_64 0.9.0 29.06 57.18 86.24 NOTE
r-release-macos-arm64 0.9.0 47.00 NOTE
r-release-macos-x86_64 0.9.0 75.00 NOTE
r-release-windows-x86_64 0.9.0 36.00 102.00 138.00 NOTE
r-oldrel-macos-arm64 0.9.0 48.00 NOTE
r-oldrel-macos-x86_64 0.9.0 55.00 NOTE
r-oldrel-windows-x86_64 0.9.0 35.00 99.00 134.00 NOTE

Check Details

Version: 0.9.0
Check: LazyData
Result: NOTE
     'LazyData' is specified without a 'data' directory
Flavors: r-devel-linux-x86_64-debian-clang, r-devel-linux-x86_64-debian-gcc, r-devel-linux-x86_64-fedora-clang, r-devel-linux-x86_64-fedora-gcc, r-devel-windows-x86_64, r-patched-linux-x86_64, r-release-linux-x86_64, r-release-macos-arm64, r-release-macos-x86_64, r-release-windows-x86_64, r-oldrel-macos-arm64, r-oldrel-macos-x86_64, r-oldrel-windows-x86_64

Version: 0.9.0
Check: compiled code
Result: NOTE
    File ‘varband/libs/varband.so’:
     Found no calls to: ‘R_registerRoutines’, ‘R_useDynamicSymbols’
    
    It is good practice to register native routines and to disable symbol
    search.
    
    See ‘Writing portable packages’ in the ‘Writing R Extensions’ manual.
Flavors: r-devel-linux-x86_64-fedora-clang, r-devel-linux-x86_64-fedora-gcc