Last updated on 2023-06-07 05:58:36 CEST.
Flavor | Version | Tinstall | Tcheck | Ttotal | Status | Flags |
---|---|---|---|---|---|---|
r-devel-linux-x86_64-debian-clang | 0.9.5 | 122.76 | 68.62 | 191.38 | OK | |
r-devel-linux-x86_64-debian-gcc | 0.9.5 | 100.48 | 53.09 | 153.57 | OK | |
r-devel-linux-x86_64-fedora-clang | 0.9.5 | 280.21 | OK | |||
r-devel-linux-x86_64-fedora-gcc | 0.9.5 | 298.21 | OK | |||
r-devel-windows-x86_64 | 0.9.5 | 116.00 | 586.00 | 702.00 | NOTE | |
r-patched-linux-x86_64 | 0.9.5 | 114.61 | 66.71 | 181.32 | OK | |
r-release-linux-x86_64 | 0.9.5 | 106.73 | 67.22 | 173.95 | OK | |
r-release-macos-arm64 | 0.9.5 | 123.00 | NOTE | |||
r-release-macos-x86_64 | 0.9.5 | 158.00 | NOTE | |||
r-release-windows-x86_64 | 0.9.5 | 150.00 | 702.00 | 852.00 | NOTE | |
r-oldrel-macos-arm64 | 0.9.5 | 112.00 | NOTE | |||
r-oldrel-macos-x86_64 | 0.9.5 | 138.00 | NOTE | |||
r-oldrel-windows-x86_64 | 0.9.5 | 169.00 | 570.00 | 739.00 | NOTE |
Version: 0.9.5
Check: installed package size
Result: NOTE
installed size is 97.1Mb
sub-directories of 1Mb or more:
extdata 2.8Mb
gdal 2.9Mb
libs 81.9Mb
proj 8.3Mb
Flavors: r-devel-windows-x86_64, r-release-macos-arm64, r-release-macos-x86_64, r-release-windows-x86_64, r-oldrel-macos-arm64, r-oldrel-macos-x86_64, r-oldrel-windows-x86_64