Last updated on 2023-05-29 05:55:18 CEST.
Flavor | Version | Tinstall | Tcheck | Ttotal | Status | Flags |
---|---|---|---|---|---|---|
r-devel-linux-x86_64-debian-clang | 1.0.1 | 4.85 | 72.85 | 77.70 | NOTE | |
r-devel-linux-x86_64-debian-gcc | 1.0.1 | 3.62 | 55.25 | 58.87 | NOTE | |
r-devel-linux-x86_64-fedora-clang | 1.0.1 | 101.44 | NOTE | |||
r-devel-linux-x86_64-fedora-gcc | 1.0.1 | 103.10 | NOTE | |||
r-devel-windows-x86_64 | 1.0.1 | 6.00 | 72.00 | 78.00 | NOTE | |
r-patched-linux-x86_64 | 1.0.1 | 6.14 | 68.72 | 74.86 | NOTE | |
r-release-linux-x86_64 | 1.0.1 | 4.05 | 68.31 | 72.36 | NOTE | |
r-release-macos-arm64 | 1.0.1 | 35.00 | NOTE | |||
r-release-macos-x86_64 | 1.0.1 | 61.00 | NOTE | |||
r-release-windows-x86_64 | 1.0.1 | 7.00 | 89.00 | 96.00 | NOTE | |
r-oldrel-macos-arm64 | 1.0.1 | 32.00 | NOTE | |||
r-oldrel-macos-x86_64 | 1.0.1 | 40.00 | NOTE | |||
r-oldrel-windows-x86_64 | 1.0.1 | 7.00 | 88.00 | 95.00 | NOTE |
Version: 1.0.1
Check: LazyData
Result: NOTE
'LazyData' is specified without a 'data' directory
Flavors: r-devel-linux-x86_64-debian-clang, r-devel-linux-x86_64-debian-gcc, r-devel-linux-x86_64-fedora-clang, r-devel-linux-x86_64-fedora-gcc, r-devel-windows-x86_64, r-patched-linux-x86_64, r-release-linux-x86_64, r-release-macos-arm64, r-release-macos-x86_64, r-release-windows-x86_64, r-oldrel-macos-arm64, r-oldrel-macos-x86_64, r-oldrel-windows-x86_64