CRAN Package Check Results for Package vaersvax

Last updated on 2023-06-06 05:55:26 CEST.

Flavor Version Tinstall Tcheck Ttotal Status Flags
r-devel-linux-x86_64-debian-clang 1.0.5 1.91 21.32 23.23 NOTE
r-devel-linux-x86_64-debian-gcc 1.0.5 1.34 17.08 18.42 NOTE
r-devel-linux-x86_64-fedora-clang 1.0.5 31.16 NOTE
r-devel-linux-x86_64-fedora-gcc 1.0.5 29.21 NOTE
r-devel-windows-x86_64 1.0.5 4.00 45.00 49.00 NOTE
r-patched-linux-x86_64 1.0.5 2.19 20.72 22.91 NOTE
r-release-linux-x86_64 1.0.5 1.81 20.70 22.51 NOTE
r-release-macos-arm64 1.0.5 18.00 NOTE
r-release-macos-x86_64 1.0.5 20.00 NOTE
r-release-windows-x86_64 1.0.5 5.00 42.00 47.00 NOTE
r-oldrel-macos-arm64 1.0.5 15.00 NOTE
r-oldrel-macos-x86_64 1.0.5 20.00 NOTE
r-oldrel-windows-x86_64 1.0.5 3.00 45.00 48.00 NOTE

Check Details

Version: 1.0.5
Check: package dependencies
Result: NOTE
    Packages suggested but not available for checking: 'vaers', 'vaersND'
Flavors: r-devel-linux-x86_64-debian-clang, r-devel-linux-x86_64-debian-gcc, r-devel-linux-x86_64-fedora-clang, r-devel-linux-x86_64-fedora-gcc, r-devel-windows-x86_64, r-patched-linux-x86_64, r-release-linux-x86_64, r-release-macos-arm64, r-release-macos-x86_64, r-release-windows-x86_64, r-oldrel-macos-arm64, r-oldrel-macos-x86_64, r-oldrel-windows-x86_64