CRAN Package Check Results for Package vaersNDvax

Last updated on 2023-06-08 05:58:24 CEST.

Flavor Version Tinstall Tcheck Ttotal Status Flags
r-devel-linux-x86_64-debian-clang 1.0.4 2.69 22.49 25.18 NOTE
r-devel-linux-x86_64-debian-gcc 1.0.4 1.88 17.71 19.59 NOTE
r-devel-linux-x86_64-fedora-clang 1.0.4 33.24 NOTE
r-devel-linux-x86_64-fedora-gcc 1.0.4 31.69 NOTE
r-devel-windows-x86_64 1.0.4 4.00 45.00 49.00 NOTE
r-patched-linux-x86_64 1.0.4 2.33 21.83 24.16 NOTE
r-release-linux-x86_64 1.0.4 3.03 21.69 24.72 NOTE
r-release-macos-arm64 1.0.4 20.00 NOTE
r-release-macos-x86_64 1.0.4 23.00 NOTE
r-release-windows-x86_64 1.0.4 3.00 43.00 46.00 NOTE
r-oldrel-macos-arm64 1.0.4 17.00 NOTE
r-oldrel-macos-x86_64 1.0.4 22.00 NOTE
r-oldrel-windows-x86_64 1.0.4 5.00 47.00 52.00 NOTE

Check Details

Version: 1.0.4
Check: package dependencies
Result: NOTE
    Packages suggested but not available for checking: 'vaers', 'vaersND'
Flavors: r-devel-linux-x86_64-debian-clang, r-devel-linux-x86_64-debian-gcc, r-devel-linux-x86_64-fedora-clang, r-devel-linux-x86_64-fedora-gcc, r-devel-windows-x86_64, r-patched-linux-x86_64, r-release-linux-x86_64, r-release-macos-arm64, r-release-macos-x86_64, r-release-windows-x86_64, r-oldrel-macos-arm64, r-oldrel-macos-x86_64, r-oldrel-windows-x86_64