CRAN Package Check Results for Package utilsIPEA

Last updated on 2023-06-08 05:58:24 CEST.

Flavor Version Tinstall Tcheck Ttotal Status Flags
r-devel-linux-x86_64-debian-clang 0.0.6 5.25 47.01 52.26 OK
r-devel-linux-x86_64-debian-gcc 0.0.6 3.94 35.68 39.62 OK
r-devel-linux-x86_64-fedora-clang 0.0.6 66.08 NOTE
r-devel-linux-x86_64-fedora-gcc 0.0.6 60.60 NOTE
r-devel-windows-x86_64 0.0.6 6.00 55.00 61.00 OK
r-patched-linux-x86_64 0.0.6 4.95 44.03 48.98 OK
r-release-linux-x86_64 0.0.6 4.60 43.76 48.36 OK
r-release-macos-arm64 0.0.6 24.00 OK
r-release-macos-x86_64 0.0.6 34.00 OK
r-release-windows-x86_64 0.0.6 8.00 60.00 68.00 OK
r-oldrel-macos-arm64 0.0.6 22.00 NOTE
r-oldrel-macos-x86_64 0.0.6 50.00 NOTE
r-oldrel-windows-x86_64 0.0.6 8.00 63.00 71.00 OK

Check Details

Version: 0.0.6
Check: dependencies in R code
Result: NOTE
    Namespaces in Imports field not imported from:
     ‘RCurl’ ‘stringdist’ ‘utils’
     All declared Imports should be used.
Flavors: r-devel-linux-x86_64-fedora-clang, r-devel-linux-x86_64-fedora-gcc, r-oldrel-macos-arm64, r-oldrel-macos-x86_64