CRAN Package Check Results for Package usdampr

Last updated on 2023-06-09 05:55:14 CEST.

Flavor Version Tinstall Tcheck Ttotal Status Flags
r-devel-linux-x86_64-debian-clang 1.0.1 1.87 21.61 23.48 OK
r-devel-linux-x86_64-debian-gcc 1.0.1 1.73 17.17 18.90 OK
r-devel-linux-x86_64-fedora-clang 1.0.1 30.54 NOTE
r-devel-linux-x86_64-fedora-gcc 1.0.1 29.05 NOTE
r-devel-windows-x86_64 1.0.1 3.00 40.00 43.00 OK
r-patched-linux-x86_64 1.0.1 1.52 21.09 22.61 OK
r-release-linux-x86_64 1.0.1 1.41 21.04 22.45 OK
r-release-macos-arm64 1.0.1 16.00 OK
r-release-macos-x86_64 1.0.1 20.00 OK
r-release-windows-x86_64 1.0.1 4.00 41.00 45.00 OK
r-oldrel-macos-arm64 1.0.1 16.00 NOTE
r-oldrel-macos-x86_64 1.0.1 24.00 NOTE
r-oldrel-windows-x86_64 1.0.1 4.00 40.00 44.00 OK

Check Details

Version: 1.0.1
Check: data for non-ASCII characters
Result: NOTE
     Note: found 2 marked UTF-8 strings
Flavors: r-devel-linux-x86_64-fedora-clang, r-devel-linux-x86_64-fedora-gcc, r-oldrel-macos-arm64, r-oldrel-macos-x86_64