Last updated on 2023-06-05 05:54:51 CEST.
Flavor | Version | Tinstall | Tcheck | Ttotal | Status | Flags |
---|---|---|---|---|---|---|
r-devel-linux-x86_64-debian-clang | 0.4.0 | 6.05 | 48.12 | 54.17 | NOTE | |
r-devel-linux-x86_64-debian-gcc | 0.4.0 | 4.23 | 36.37 | 40.60 | NOTE | |
r-devel-linux-x86_64-fedora-clang | 0.4.0 | 66.86 | NOTE | |||
r-devel-linux-x86_64-fedora-gcc | 0.4.0 | 87.48 | NOTE | |||
r-devel-windows-x86_64 | 0.4.0 | 7.00 | 58.00 | 65.00 | NOTE | |
r-patched-linux-x86_64 | 0.4.0 | 5.50 | 44.93 | 50.43 | NOTE | |
r-release-linux-x86_64 | 0.4.0 | 4.86 | 44.72 | 49.58 | NOTE | |
r-release-macos-arm64 | 0.4.0 | 36.00 | NOTE | |||
r-release-macos-x86_64 | 0.4.0 | 73.00 | NOTE | |||
r-release-windows-x86_64 | 0.4.0 | 8.00 | 63.00 | 71.00 | NOTE | |
r-oldrel-macos-arm64 | 0.4.0 | 23.00 | NOTE | |||
r-oldrel-macos-x86_64 | 0.4.0 | 38.00 | NOTE | |||
r-oldrel-windows-x86_64 | 0.4.0 | 8.00 | 66.00 | 74.00 | NOTE |
Version: 0.4.0
Check: LazyData
Result: NOTE
'LazyData' is specified without a 'data' directory
Flavors: r-devel-linux-x86_64-debian-clang, r-devel-linux-x86_64-debian-gcc, r-devel-linux-x86_64-fedora-clang, r-devel-linux-x86_64-fedora-gcc, r-devel-windows-x86_64, r-patched-linux-x86_64, r-release-linux-x86_64, r-release-macos-arm64, r-release-macos-x86_64, r-release-windows-x86_64, r-oldrel-macos-arm64, r-oldrel-macos-x86_64, r-oldrel-windows-x86_64