CRAN Package Check Results for Package understandBPMN

Last updated on 2023-06-09 05:55:14 CEST.

Flavor Version Tinstall Tcheck Ttotal Status Flags
r-devel-linux-x86_64-debian-clang 1.1.1 46.65 116.03 162.68 NOTE
r-devel-linux-x86_64-debian-gcc 1.1.1 37.29 86.52 123.81 NOTE
r-devel-linux-x86_64-fedora-clang 1.1.1 220.12 NOTE
r-devel-linux-x86_64-fedora-gcc 1.1.1 218.20 NOTE
r-devel-windows-x86_64 1.1.1 39.00 126.00 165.00 NOTE
r-patched-linux-x86_64 1.1.1 37.23 107.47 144.70 NOTE
r-release-linux-x86_64 1.1.1 37.40 109.17 146.57 NOTE
r-release-macos-arm64 1.1.1 57.00 NOTE
r-release-macos-x86_64 1.1.1 103.00 NOTE
r-release-windows-x86_64 1.1.1 50.00 150.00 200.00 NOTE
r-oldrel-macos-arm64 1.1.1 50.00 NOTE
r-oldrel-macos-x86_64 1.1.1 87.00 NOTE
r-oldrel-windows-x86_64 1.1.1 48.00 140.00 188.00 NOTE

Check Details

Version: 1.1.1
Check: package subdirectories
Result: NOTE
    Problems with news in ‘NEWS.md’:
    No news entries found.
Flavors: r-devel-linux-x86_64-debian-clang, r-devel-linux-x86_64-debian-gcc, r-devel-linux-x86_64-fedora-clang, r-devel-linux-x86_64-fedora-gcc, r-devel-windows-x86_64, r-patched-linux-x86_64, r-release-linux-x86_64, r-release-macos-arm64, r-release-macos-x86_64, r-release-windows-x86_64

Version: 1.1.1
Check: LazyData
Result: NOTE
     'LazyData' is specified without a 'data' directory
Flavors: r-devel-linux-x86_64-debian-clang, r-devel-linux-x86_64-debian-gcc, r-devel-linux-x86_64-fedora-clang, r-devel-linux-x86_64-fedora-gcc, r-devel-windows-x86_64, r-patched-linux-x86_64, r-release-linux-x86_64, r-release-macos-arm64, r-release-macos-x86_64, r-release-windows-x86_64, r-oldrel-macos-arm64, r-oldrel-macos-x86_64, r-oldrel-windows-x86_64