Last updated on 2023-06-09 05:55:14 CEST.
Flavor | Version | Tinstall | Tcheck | Ttotal | Status | Flags |
---|---|---|---|---|---|---|
r-devel-linux-x86_64-debian-clang | 0.8.11 | 153.03 | 380.50 | 533.53 | NOTE | |
r-devel-linux-x86_64-debian-gcc | 0.8.11 | 149.02 | 303.21 | 452.23 | NOTE | |
r-devel-linux-x86_64-fedora-clang | 0.8.11 | 687.86 | NOTE | |||
r-devel-linux-x86_64-fedora-gcc | 0.8.11 | 779.79 | NOTE | |||
r-devel-windows-x86_64 | 0.8.11 | 116.00 | 364.00 | 480.00 | NOTE | |
r-patched-linux-x86_64 | 0.8.11 | 138.22 | 407.36 | 545.58 | NOTE | |
r-release-linux-x86_64 | 0.8.11 | 146.07 | 410.10 | 556.17 | NOTE | |
r-release-macos-arm64 | 0.8.11 | 254.00 | NOTE | |||
r-release-macos-x86_64 | 0.8.11 | 373.00 | NOTE | |||
r-release-windows-x86_64 | 0.8.11 | 149.00 | 438.00 | 587.00 | NOTE | |
r-oldrel-macos-arm64 | 0.8.11 | 252.00 | NOTE | |||
r-oldrel-macos-x86_64 | 0.8.11 | 260.00 | NOTE | |||
r-oldrel-windows-x86_64 | 0.8.11 | 141.00 | 432.00 | 573.00 | NOTE |
Version: 0.8.11
Check: C++ specification
Result: NOTE
Specified C++11: please drop specification unless essential
Flavors: r-devel-linux-x86_64-debian-clang, r-devel-linux-x86_64-debian-gcc, r-devel-linux-x86_64-fedora-clang, r-devel-linux-x86_64-fedora-gcc, r-devel-windows-x86_64, r-patched-linux-x86_64, r-release-linux-x86_64, r-release-macos-arm64, r-release-macos-x86_64, r-release-windows-x86_64
Version: 0.8.11
Check: installed package size
Result: NOTE
installed size is 7.1Mb
sub-directories of 1Mb or more:
doc 1.4Mb
dummydata 1.4Mb
libs 2.4Mb
Flavors: r-devel-linux-x86_64-fedora-clang, r-devel-windows-x86_64, r-release-macos-arm64, r-release-macos-x86_64, r-release-windows-x86_64, r-oldrel-macos-arm64, r-oldrel-macos-x86_64, r-oldrel-windows-x86_64