Last updated on 2023-06-08 05:58:24 CEST.
Flavor | Version | Tinstall | Tcheck | Ttotal | Status | Flags |
---|---|---|---|---|---|---|
r-devel-linux-x86_64-debian-clang | 0.1.1 | 21.76 | 31.59 | 53.35 | NOTE | |
r-devel-linux-x86_64-debian-gcc | 0.1.1 | 21.50 | 25.45 | 46.95 | NOTE | |
r-devel-linux-x86_64-fedora-clang | 0.1.1 | 79.61 | NOTE | |||
r-devel-linux-x86_64-fedora-gcc | 0.1.1 | 79.88 | NOTE | |||
r-devel-windows-x86_64 | 0.1.1 | 21.00 | 54.00 | 75.00 | NOTE | |
r-patched-linux-x86_64 | 0.1.1 | 24.37 | 31.10 | 55.47 | NOTE | |
r-release-linux-x86_64 | 0.1.1 | 24.17 | 30.96 | 55.13 | NOTE | |
r-release-macos-arm64 | 0.1.1 | 35.00 | NOTE | |||
r-release-macos-x86_64 | 0.1.1 | 57.00 | NOTE | |||
r-release-windows-x86_64 | 0.1.1 | 28.00 | 54.00 | 82.00 | NOTE | |
r-oldrel-macos-arm64 | 0.1.1 | 35.00 | NOTE | |||
r-oldrel-macos-x86_64 | 0.1.1 | 45.00 | NOTE | |||
r-oldrel-windows-x86_64 | 0.1.1 | 29.00 | 57.00 | 86.00 | OK |
Version: 0.1.1
Check: package subdirectories
Result: NOTE
Problems with news in ‘NEWS.md’:
No news entries found.
Flavors: r-devel-linux-x86_64-debian-clang, r-devel-linux-x86_64-debian-gcc, r-devel-linux-x86_64-fedora-clang, r-devel-linux-x86_64-fedora-gcc, r-devel-windows-x86_64, r-patched-linux-x86_64, r-release-linux-x86_64, r-release-macos-arm64, r-release-macos-x86_64, r-release-windows-x86_64
Version: 0.1.1
Check: dependencies in R code
Result: NOTE
Namespace in Imports field not imported from: ‘lifecycle’
All declared Imports should be used.
Flavors: r-devel-linux-x86_64-fedora-clang, r-devel-linux-x86_64-fedora-gcc, r-oldrel-macos-arm64, r-oldrel-macos-x86_64