Last updated on 2023-05-28 05:52:21 CEST.
Flavor | Version | Tinstall | Tcheck | Ttotal | Status | Flags |
---|---|---|---|---|---|---|
r-devel-linux-x86_64-debian-clang | 1.0.0 | 41.28 | 168.26 | 209.54 | OK | |
r-devel-linux-x86_64-debian-gcc | 1.0.0 | 36.19 | 122.46 | 158.65 | OK | |
r-devel-linux-x86_64-fedora-clang | 1.0.0 | 277.93 | OK | |||
r-devel-linux-x86_64-fedora-gcc | 1.0.0 | 263.95 | OK | |||
r-devel-windows-x86_64 | 1.0.0 | 38.00 | 155.00 | 193.00 | OK | |
r-patched-linux-x86_64 | 1.0.0 | 33.09 | 151.23 | 184.32 | OK | |
r-release-linux-x86_64 | 1.0.0 | 28.16 | 154.05 | 182.21 | OK | |
r-release-macos-arm64 | 1.0.0 | 79.00 | OK | |||
r-release-macos-x86_64 | 1.0.0 | 127.00 | OK | |||
r-release-windows-x86_64 | 1.0.0 | 49.00 | 185.00 | 234.00 | OK | |
r-oldrel-macos-arm64 | 1.0.0 | 70.00 | OK | |||
r-oldrel-macos-x86_64 | 1.0.0 | 124.00 | NOTE | |||
r-oldrel-windows-x86_64 | 1.0.0 | 48.00 | 183.00 | 231.00 | OK |
Version: 1.0.0
Check: package dependencies
Result: NOTE
Package suggested but not available for checking: ‘MTS’
Flavor: r-oldrel-macos-x86_64
Version: 1.0.0
Check: Rd cross-references
Result: NOTE
Package unavailable to check Rd xrefs: ‘MTS’
Flavor: r-oldrel-macos-x86_64