CRAN Package Check Results for Package treeducken

Last updated on 2023-06-06 05:55:26 CEST.

Flavor Version Tinstall Tcheck Ttotal Status Flags
r-devel-linux-x86_64-debian-clang 1.1.0 159.49 69.91 229.40 NOTE
r-devel-linux-x86_64-debian-gcc 1.1.0 136.67 53.10 189.77 NOTE
r-devel-linux-x86_64-fedora-clang 1.1.0 347.09 NOTE
r-devel-linux-x86_64-fedora-gcc 1.1.0 366.23 NOTE
r-devel-windows-x86_64 1.1.0 123.00 101.00 224.00 NOTE
r-patched-linux-x86_64 1.1.0 139.73 67.42 207.15 NOTE
r-release-linux-x86_64 1.1.0 135.14 65.45 200.59 NOTE
r-release-macos-arm64 1.1.0 83.00 NOTE
r-release-macos-x86_64 1.1.0 138.00 NOTE
r-release-windows-x86_64 1.1.0 148.00 121.00 269.00 NOTE
r-oldrel-macos-arm64 1.1.0 79.00 NOTE
r-oldrel-macos-x86_64 1.1.0 97.00 NOTE
r-oldrel-windows-x86_64 1.1.0 146.00 111.00 257.00 NOTE

Check Details

Version: 1.1.0
Check: C++ specification
Result: NOTE
     Specified C++11: please drop specification unless essential
Flavors: r-devel-linux-x86_64-debian-clang, r-devel-linux-x86_64-debian-gcc, r-devel-linux-x86_64-fedora-clang, r-devel-linux-x86_64-fedora-gcc, r-devel-windows-x86_64, r-patched-linux-x86_64, r-release-linux-x86_64, r-release-macos-arm64, r-release-macos-x86_64, r-release-windows-x86_64

Version: 1.1.0
Check: package subdirectories
Result: NOTE
    Problems with news in ‘NEWS.md’:
     Cannot extract version info from the following section titles:
     Bug fixes
Flavors: r-devel-linux-x86_64-debian-clang, r-devel-linux-x86_64-debian-gcc, r-devel-linux-x86_64-fedora-clang, r-devel-linux-x86_64-fedora-gcc, r-devel-windows-x86_64, r-patched-linux-x86_64, r-release-linux-x86_64, r-release-macos-arm64, r-release-macos-x86_64, r-release-windows-x86_64

Version: 1.1.0
Check: LazyData
Result: NOTE
     'LazyData' is specified without a 'data' directory
Flavors: r-devel-linux-x86_64-debian-clang, r-devel-linux-x86_64-debian-gcc, r-devel-linux-x86_64-fedora-clang, r-devel-linux-x86_64-fedora-gcc, r-devel-windows-x86_64, r-patched-linux-x86_64, r-release-linux-x86_64, r-release-macos-arm64, r-release-macos-x86_64, r-release-windows-x86_64, r-oldrel-macos-arm64, r-oldrel-macos-x86_64, r-oldrel-windows-x86_64

Version: 1.1.0
Check: installed package size
Result: NOTE
     installed size is 6.6Mb
     sub-directories of 1Mb or more:
     libs 6.0Mb
Flavors: r-release-macos-arm64, r-release-macos-x86_64, r-oldrel-macos-arm64, r-oldrel-macos-x86_64