Last updated on 2023-06-03 05:52:46 CEST.
Flavor | Version | Tinstall | Tcheck | Ttotal | Status | Flags |
---|---|---|---|---|---|---|
r-devel-linux-x86_64-debian-clang | 2.0.6.0 | 133.98 | 187.36 | 321.34 | NOTE | |
r-devel-linux-x86_64-debian-gcc | 2.0.6.0 | 96.80 | 135.82 | 232.62 | NOTE | |
r-devel-linux-x86_64-fedora-clang | 2.0.6.0 | 442.62 | NOTE | |||
r-devel-linux-x86_64-fedora-gcc | 2.0.6.0 | 434.55 | NOTE | |||
r-devel-windows-x86_64 | 2.0.6.0 | 104.00 | 160.00 | 264.00 | NOTE | |
r-patched-linux-x86_64 | 2.0.6.0 | NOTE | ||||
r-release-linux-x86_64 | 2.0.6.0 | 109.52 | 176.77 | 286.29 | NOTE | |
r-release-macos-arm64 | 2.0.6.0 | 192.00 | NOTE | |||
r-release-macos-x86_64 | 2.0.6.0 | 167.00 | NOTE | |||
r-release-windows-x86_64 | 2.0.6.0 | 128.00 | 197.00 | 325.00 | NOTE | |
r-oldrel-macos-arm64 | 2.0.6.0 | 96.00 | OK | |||
r-oldrel-macos-x86_64 | 2.0.6.0 | 171.00 | OK | |||
r-oldrel-windows-x86_64 | 2.0.6.0 | 125.00 | 185.00 | 310.00 | OK |
Version: 2.0.6.0
Check: Rd files
Result: NOTE
checkRd: (-1) dcc.Rd:227: Escaped LaTeX specials: \&
checkRd: (-1) seascorr.Rd:128: Escaped LaTeX specials: \&
Flavors: r-devel-linux-x86_64-debian-clang, r-devel-linux-x86_64-debian-gcc, r-devel-linux-x86_64-fedora-clang, r-devel-linux-x86_64-fedora-gcc, r-devel-windows-x86_64, r-patched-linux-x86_64, r-release-linux-x86_64, r-release-macos-arm64, r-release-macos-x86_64, r-release-windows-x86_64
Version: 2.0.6.0
Check: Rd cross-references
Result: NOTE
Undeclared package ‘dplR’ in Rd xrefs
Flavor: r-devel-linux-x86_64-fedora-clang