Last updated on 2023-06-05 05:54:50 CEST.
Flavor | Version | Tinstall | Tcheck | Ttotal | Status | Flags |
---|---|---|---|---|---|---|
r-devel-linux-x86_64-debian-clang | 0.14-1 | 104.52 | 83.15 | 187.67 | OK | |
r-devel-linux-x86_64-debian-gcc | 0.14-1 | 82.73 | 62.45 | 145.18 | OK | |
r-devel-linux-x86_64-fedora-clang | 0.14-1 | 288.06 | OK | |||
r-devel-linux-x86_64-fedora-gcc | 0.14-1 | 264.64 | OK | |||
r-devel-windows-x86_64 | 0.14-1 | 86.00 | 108.00 | 194.00 | OK | |
r-patched-linux-x86_64 | 0.14-1 | 87.20 | 79.17 | 166.37 | OK | |
r-release-linux-x86_64 | 0.14-1 | 87.23 | 78.20 | 165.43 | OK | |
r-release-macos-arm64 | 0.14-1 | 66.00 | NOTE | |||
r-release-macos-x86_64 | 0.13-0 | 109.00 | NOTE | |||
r-release-windows-x86_64 | 0.14-1 | 109.00 | 128.00 | 237.00 | OK | |
r-oldrel-macos-arm64 | 0.14-1 | 65.00 | NOTE | |||
r-oldrel-macos-x86_64 | 0.14-1 | 76.00 | NOTE | |||
r-oldrel-windows-x86_64 | 0.14-1 | 98.00 | 120.00 | 218.00 | OK |
Version: 0.14-1
Check: installed package size
Result: NOTE
installed size is 6.3Mb
sub-directories of 1Mb or more:
libs 5.7Mb
Flavors: r-release-macos-arm64, r-oldrel-macos-arm64, r-oldrel-macos-x86_64
Version: 0.13-0
Check: C++ specification
Result: NOTE
Specified C++11: please drop specification unless essential
Flavor: r-release-macos-x86_64
Version: 0.13-0
Check: installed package size
Result: NOTE
installed size is 6.1Mb
sub-directories of 1Mb or more:
libs 5.5Mb
Flavor: r-release-macos-x86_64