CRAN Package Check Results for Package transformr

Last updated on 2023-05-27 05:52:42 CEST.

Flavor Version Tinstall Tcheck Ttotal Status Flags
r-devel-linux-x86_64-debian-clang 0.1.4 20.59 64.68 85.27 NOTE
r-devel-linux-x86_64-debian-gcc 0.1.4 17.54 49.66 67.20 NOTE
r-devel-linux-x86_64-fedora-clang 0.1.4 110.60 NOTE
r-devel-linux-x86_64-fedora-gcc 0.1.4 104.62 NOTE
r-devel-windows-x86_64 0.1.4 20.00 75.00 95.00 NOTE
r-patched-linux-x86_64 0.1.4 19.68 61.42 81.10 NOTE
r-release-linux-x86_64 0.1.4 18.23 61.46 79.69 NOTE
r-release-macos-arm64 0.1.4 38.00 NOTE
r-release-macos-x86_64 0.1.4 55.00 NOTE
r-release-windows-x86_64 0.1.4 24.00 84.00 108.00 NOTE
r-oldrel-macos-arm64 0.1.4 34.00 OK
r-oldrel-macos-x86_64 0.1.4 44.00 OK
r-oldrel-windows-x86_64 0.1.4 23.00 85.00 108.00 OK

Check Details

Version: 0.1.4
Check: C++ specification
Result: NOTE
     Specified C++11: please drop specification unless essential
Flavors: r-devel-linux-x86_64-debian-clang, r-devel-linux-x86_64-debian-gcc, r-devel-linux-x86_64-fedora-clang, r-devel-linux-x86_64-fedora-gcc, r-devel-windows-x86_64, r-patched-linux-x86_64, r-release-linux-x86_64, r-release-macos-arm64, r-release-macos-x86_64, r-release-windows-x86_64