Last updated on 2023-06-05 05:54:50 CEST.
Flavor | Version | Tinstall | Tcheck | Ttotal | Status | Flags |
---|---|---|---|---|---|---|
r-devel-linux-x86_64-debian-clang | 1.0.4 | 138.74 | 273.60 | 412.34 | OK | |
r-devel-linux-x86_64-debian-gcc | 1.0.4 | 120.50 | 203.16 | 323.66 | OK | |
r-devel-linux-x86_64-fedora-clang | 1.0.4 | 502.11 | OK | |||
r-devel-linux-x86_64-fedora-gcc | 1.0.4 | 568.11 | OK | |||
r-devel-windows-x86_64 | 1.0.4 | 90.00 | 285.00 | 375.00 | NOTE | |
r-patched-linux-x86_64 | 1.0.4 | 124.09 | 263.42 | 387.51 | OK | |
r-release-linux-x86_64 | 1.0.4 | 113.27 | 265.62 | 378.89 | OK | |
r-release-macos-arm64 | 1.0.4 | 166.00 | NOTE | |||
r-release-macos-x86_64 | 1.0.4 | 283.00 | NOTE | |||
r-release-windows-x86_64 | 1.0.4 | 124.00 | 336.00 | 460.00 | NOTE | |
r-oldrel-macos-arm64 | 1.0.4 | 141.00 | NOTE | |||
r-oldrel-macos-x86_64 | 1.0.4 | 185.00 | NOTE | |||
r-oldrel-windows-x86_64 | 1.0.4 | 117.00 | 311.00 | 428.00 | NOTE |
Version: 1.0.4
Check: installed package size
Result: NOTE
installed size is 15.9Mb
sub-directories of 1Mb or more:
doc 2.1Mb
libs 13.2Mb
Flavors: r-devel-windows-x86_64, r-release-macos-arm64, r-release-macos-x86_64, r-release-windows-x86_64, r-oldrel-macos-arm64, r-oldrel-macos-x86_64, r-oldrel-windows-x86_64