CRAN Package Check Results for Package tradestatistics

Last updated on 2023-06-07 05:58:35 CEST.

Flavor Version Tinstall Tcheck Ttotal Status Flags
r-devel-linux-x86_64-debian-clang 4.4.0 6.58 59.59 66.17 OK
r-devel-linux-x86_64-debian-gcc 4.4.0 4.46 44.71 49.17 OK
r-devel-linux-x86_64-fedora-clang 4.4.0 82.04 OK
r-devel-linux-x86_64-fedora-gcc 4.4.0 88.07 OK
r-devel-windows-x86_64 4.4.0 8.00 68.00 76.00 WARN
r-patched-linux-x86_64 4.4.0 6.98 54.67 61.65 OK
r-release-linux-x86_64 4.4.0 5.64 55.21 60.85 OK
r-release-macos-arm64 4.4.0 33.00 OK
r-release-macos-x86_64 4.4.0 51.00 OK
r-release-windows-x86_64 4.4.0 9.00 76.00 85.00 WARN
r-oldrel-macos-arm64 4.4.0 32.00 OK
r-oldrel-macos-x86_64 4.4.0 41.00 OK
r-oldrel-windows-x86_64 4.4.0 9.00 78.00 87.00 WARN

Check Details

Version: 4.4.0
Check: dependencies in R code
Result: NOTE
     #STDOFF 2:05:08.9
     #STDOFF 8:05:43.2
     #STDOFF 7:36:41.7
     #STDOFF -0:25:21.1
     #STDOFF 1:39:49.2
     #STDOFF -0:36:44.68
     #STDOFF -4:56:01.6
     #STDOFF -3:58:29.2
     #STDOFF -4:19:18.3
     #STDOFF -5:36:13.3
     #STDOFF -4:56:16.4
     #STDOFF 2:05:08.9
     #STDOFF 8:05:43.2
     #STDOFF 7:36:41.7
     #STDOFF -0:25:21.1
     #STDOFF 1:39:49.2
     #STDOFF -0:36:44.68
     #STDOFF -4:56:01.6
     #STDOFF -3:58:29.2
     #STDOFF -4:19:18.3
     #STDOFF -5:36:13.3
     #STDOFF -4:56:16.4
Flavors: r-devel-windows-x86_64, r-release-windows-x86_64, r-oldrel-windows-x86_64

Version: 4.4.0
Check: S3 generic/method consistency
Result: WARN
     #STDOFF 2:05:08.9
     #STDOFF 8:05:43.2
     #STDOFF 7:36:41.7
     #STDOFF -0:25:21.1
     #STDOFF 1:39:49.2
     #STDOFF -0:36:44.68
     #STDOFF -4:56:01.6
     #STDOFF -3:58:29.2
     #STDOFF -4:19:18.3
     #STDOFF -5:36:13.3
     #STDOFF -4:56:16.4
     #STDOFF 2:05:08.9
     #STDOFF 8:05:43.2
     #STDOFF 7:36:41.7
     #STDOFF -0:25:21.1
     #STDOFF 1:39:49.2
     #STDOFF -0:36:44.68
     #STDOFF -4:56:01.6
     #STDOFF -3:58:29.2
     #STDOFF -4:19:18.3
     #STDOFF -5:36:13.3
     #STDOFF -4:56:16.4
    See section 'Generic functions and methods' in the 'Writing R
    Extensions' manual.
Flavors: r-devel-windows-x86_64, r-release-windows-x86_64, r-oldrel-windows-x86_64

Version: 4.4.0
Check: replacement functions
Result: WARN
     #STDOFF 2:05:08.9
     #STDOFF 8:05:43.2
     #STDOFF 7:36:41.7
     #STDOFF -0:25:21.1
     #STDOFF 1:39:49.2
     #STDOFF -0:36:44.68
     #STDOFF -4:56:01.6
     #STDOFF -3:58:29.2
     #STDOFF -4:19:18.3
     #STDOFF -5:36:13.3
     #STDOFF -4:56:16.4
     #STDOFF 2:05:08.9
     #STDOFF 8:05:43.2
     #STDOFF 7:36:41.7
     #STDOFF -0:25:21.1
     #STDOFF 1:39:49.2
     #STDOFF -0:36:44.68
     #STDOFF -4:56:01.6
     #STDOFF -3:58:29.2
     #STDOFF -4:19:18.3
     #STDOFF -5:36:13.3
     #STDOFF -4:56:16.4
    The argument of a replacement function which corresponds to the right
    hand side must be named 'value'.
Flavors: r-devel-windows-x86_64, r-release-windows-x86_64, r-oldrel-windows-x86_64

Version: 4.4.0
Check: foreign function calls
Result: NOTE
     #STDOFF 2:05:08.9
     #STDOFF 8:05:43.2
     #STDOFF 7:36:41.7
     #STDOFF -0:25:21.1
     #STDOFF 1:39:49.2
     #STDOFF -0:36:44.68
     #STDOFF -4:56:01.6
     #STDOFF -3:58:29.2
     #STDOFF -4:19:18.3
     #STDOFF -5:36:13.3
     #STDOFF -4:56:16.4
     #STDOFF 2:05:08.9
     #STDOFF 8:05:43.2
     #STDOFF 7:36:41.7
     #STDOFF -0:25:21.1
     #STDOFF 1:39:49.2
     #STDOFF -0:36:44.68
     #STDOFF -4:56:01.6
     #STDOFF -3:58:29.2
     #STDOFF -4:19:18.3
     #STDOFF -5:36:13.3
     #STDOFF -4:56:16.4
    See chapter 'System and foreign language interfaces' in the 'Writing R
    Extensions' manual.
Flavors: r-devel-windows-x86_64, r-release-windows-x86_64, r-oldrel-windows-x86_64

Version: 4.4.0
Check: R code for possible problems
Result: NOTE
     #STDOFF 2:05:08.9
     #STDOFF 8:05:43.2
     #STDOFF 7:36:41.7
     #STDOFF -0:25:21.1
     #STDOFF 1:39:49.2
     #STDOFF -0:36:44.68
     #STDOFF -4:56:01.6
     #STDOFF -3:58:29.2
     #STDOFF -4:19:18.3
     #STDOFF -5:36:13.3
     #STDOFF -4:56:16.4
     #STDOFF 2:05:08.9
     #STDOFF 8:05:43.2
     #STDOFF 7:36:41.7
     #STDOFF -0:25:21.1
     #STDOFF 1:39:49.2
     #STDOFF -0:36:44.68
     #STDOFF -4:56:01.6
     #STDOFF -3:58:29.2
     #STDOFF -4:19:18.3
     #STDOFF -5:36:13.3
     #STDOFF -4:56:16.4
Flavors: r-devel-windows-x86_64, r-release-windows-x86_64, r-oldrel-windows-x86_64

Version: 4.4.0
Check: for missing documentation entries
Result: WARN
     #STDOFF 2:05:08.9
     #STDOFF 8:05:43.2
     #STDOFF 7:36:41.7
     #STDOFF -0:25:21.1
     #STDOFF 1:39:49.2
     #STDOFF -0:36:44.68
     #STDOFF -4:56:01.6
     #STDOFF -3:58:29.2
     #STDOFF -4:19:18.3
     #STDOFF -5:36:13.3
     #STDOFF -4:56:16.4
     #STDOFF 2:05:08.9
     #STDOFF 8:05:43.2
     #STDOFF 7:36:41.7
     #STDOFF -0:25:21.1
     #STDOFF 1:39:49.2
     #STDOFF -0:36:44.68
     #STDOFF -4:56:01.6
     #STDOFF -3:58:29.2
     #STDOFF -4:19:18.3
     #STDOFF -5:36:13.3
     #STDOFF -4:56:16.4
    All user-level objects in a package should have documentation entries.
    See chapter 'Writing R documentation files' in the 'Writing R
    Extensions' manual.
Flavors: r-devel-windows-x86_64, r-release-windows-x86_64, r-oldrel-windows-x86_64

Version: 4.4.0
Check: for code/documentation mismatches
Result: WARN
     #STDOFF 2:05:08.9
     #STDOFF 8:05:43.2
     #STDOFF 7:36:41.7
     #STDOFF -0:25:21.1
     #STDOFF 1:39:49.2
     #STDOFF -0:36:44.68
     #STDOFF -4:56:01.6
     #STDOFF -3:58:29.2
     #STDOFF -4:19:18.3
     #STDOFF -5:36:13.3
     #STDOFF -4:56:16.4
     #STDOFF 2:05:08.9
     #STDOFF 8:05:43.2
     #STDOFF 7:36:41.7
     #STDOFF -0:25:21.1
     #STDOFF 1:39:49.2
     #STDOFF -0:36:44.68
     #STDOFF -4:56:01.6
     #STDOFF -3:58:29.2
     #STDOFF -4:19:18.3
     #STDOFF -5:36:13.3
     #STDOFF -4:56:16.4
     #STDOFF 2:05:08.9
     #STDOFF 8:05:43.2
     #STDOFF 7:36:41.7
     #STDOFF -0:25:21.1
     #STDOFF 1:39:49.2
     #STDOFF -0:36:44.68
     #STDOFF -4:56:01.6
     #STDOFF -3:58:29.2
     #STDOFF -4:19:18.3
     #STDOFF -5:36:13.3
     #STDOFF -4:56:16.4
     #STDOFF 2:05:08.9
     #STDOFF 8:05:43.2
     #STDOFF 7:36:41.7
     #STDOFF -0:25:21.1
     #STDOFF 1:39:49.2
     #STDOFF -0:36:44.68
     #STDOFF -4:56:01.6
     #STDOFF -3:58:29.2
     #STDOFF -4:19:18.3
     #STDOFF -5:36:13.3
     #STDOFF -4:56:16.4
     #STDOFF 2:05:08.9
     #STDOFF 8:05:43.2
     #STDOFF 7:36:41.7
     #STDOFF -0:25:21.1
     #STDOFF 1:39:49.2
     #STDOFF -0:36:44.68
     #STDOFF -4:56:01.6
     #STDOFF -3:58:29.2
     #STDOFF -4:19:18.3
     #STDOFF -5:36:13.3
     #STDOFF -4:56:16.4
     #STDOFF 2:05:08.9
     #STDOFF 8:05:43.2
     #STDOFF 7:36:41.7
     #STDOFF -0:25:21.1
     #STDOFF 1:39:49.2
     #STDOFF -0:36:44.68
     #STDOFF -4:56:01.6
     #STDOFF -3:58:29.2
     #STDOFF -4:19:18.3
     #STDOFF -5:36:13.3
     #STDOFF -4:56:16.4
Flavors: r-devel-windows-x86_64, r-release-windows-x86_64, r-oldrel-windows-x86_64

Version: 4.4.0
Check: Rd \usage sections
Result: NOTE
     #STDOFF 2:05:08.9
     #STDOFF 8:05:43.2
     #STDOFF 7:36:41.7
     #STDOFF -0:25:21.1
     #STDOFF 1:39:49.2
     #STDOFF -0:36:44.68
     #STDOFF -4:56:01.6
     #STDOFF -3:58:29.2
     #STDOFF -4:19:18.3
     #STDOFF -5:36:13.3
     #STDOFF -4:56:16.4
     #STDOFF 2:05:08.9
     #STDOFF 8:05:43.2
     #STDOFF 7:36:41.7
     #STDOFF -0:25:21.1
     #STDOFF 1:39:49.2
     #STDOFF -0:36:44.68
     #STDOFF -4:56:01.6
     #STDOFF -3:58:29.2
     #STDOFF -4:19:18.3
     #STDOFF -5:36:13.3
     #STDOFF -4:56:16.4
    The \usage entries for S3 methods should use the \method markup and not
    their full name.
    See chapter 'Writing R documentation files' in the 'Writing R
    Extensions' manual.
Flavors: r-devel-windows-x86_64, r-release-windows-x86_64, r-oldrel-windows-x86_64