Last updated on 2023-06-08 05:58:24 CEST.
Flavor | Version | Tinstall | Tcheck | Ttotal | Status | Flags |
---|---|---|---|---|---|---|
r-devel-linux-x86_64-debian-clang | 0.6.6 | 16.39 | 70.58 | 86.97 | OK | |
r-devel-linux-x86_64-debian-gcc | 0.6.6 | 15.78 | 53.70 | 69.48 | OK | |
r-devel-linux-x86_64-fedora-clang | 0.6.6 | 111.58 | NOTE | |||
r-devel-linux-x86_64-fedora-gcc | 0.6.6 | 106.63 | NOTE | |||
r-devel-windows-x86_64 | 0.6.6 | 18.00 | 80.00 | 98.00 | OK | |
r-patched-linux-x86_64 | 0.6.6 | 17.27 | 66.45 | 83.72 | OK | |
r-release-linux-x86_64 | 0.6.6 | 17.26 | 66.89 | 84.15 | OK | |
r-release-macos-arm64 | 0.6.6 | 35.00 | OK | |||
r-release-macos-x86_64 | 0.6.6 | 53.00 | NOTE | |||
r-release-windows-x86_64 | 0.6.6 | 22.00 | 90.00 | 112.00 | OK | |
r-oldrel-macos-arm64 | 0.6.6 | 37.00 | NOTE | |||
r-oldrel-macos-x86_64 | 0.6.6 | 51.00 | NOTE | |||
r-oldrel-windows-x86_64 | 0.6.6 | 22.00 | 84.00 | 106.00 | OK |
Version: 0.6.6
Check: data for non-ASCII characters
Result: NOTE
Note: found 100 marked Latin-1 strings
Note: found 548 marked UTF-8 strings
Flavors: r-devel-linux-x86_64-fedora-clang, r-devel-linux-x86_64-fedora-gcc, r-oldrel-macos-arm64, r-oldrel-macos-x86_64
Version: 0.6.6
Check: installed package size
Result: NOTE
installed size is 5.1Mb
sub-directories of 1Mb or more:
data 4.7Mb
Flavors: r-release-macos-x86_64, r-oldrel-macos-arm64