Last updated on 2023-06-05 05:54:50 CEST.
Flavor | Version | Tinstall | Tcheck | Ttotal | Status | Flags |
---|---|---|---|---|---|---|
r-devel-linux-x86_64-debian-clang | 0.1-11 | 6.08 | 22.00 | 28.08 | WARN | |
r-devel-linux-x86_64-debian-gcc | 0.1-11 | 4.27 | 17.09 | 21.36 | WARN | |
r-devel-linux-x86_64-fedora-clang | 0.1-11 | 37.94 | WARN | |||
r-devel-linux-x86_64-fedora-gcc | 0.1-11 | 35.15 | WARN | |||
r-devel-windows-x86_64 | 0.1-11 | 7.00 | 50.00 | 57.00 | WARN | |
r-patched-linux-x86_64 | 0.1-11 | 4.83 | 21.46 | 26.29 | WARN | |
r-release-linux-x86_64 | 0.1-11 | 5.18 | 20.98 | 26.16 | WARN | |
r-release-macos-arm64 | 0.1-11 | 23.00 | NOTE | |||
r-release-macos-x86_64 | 0.1-11 | 29.00 | NOTE | |||
r-release-windows-x86_64 | 0.1-11 | 6.00 | 2.00 | 8.00 | ERROR | |
r-oldrel-macos-arm64 | 0.1-11 | 20.00 | NOTE | |||
r-oldrel-macos-x86_64 | 0.1-11 | 29.00 | NOTE | |||
r-oldrel-windows-x86_64 | 0.1-11 | 9.00 | 53.00 | 62.00 | OK |
Version: 0.1-11
Check: whether package can be installed
Result: WARN
Found the following significant warnings:
common.c:36:22: warning: a function declaration without a prototype is deprecated in all versions of C [-Wstrict-prototypes]
See ‘/home/hornik/tmp/R.check/r-devel-clang/Work/PKGS/tiff.Rcheck/00install.out’ for details.
* used C compiler: ‘Debian clang version 15.0.6’
Flavor: r-devel-linux-x86_64-debian-clang
Version: 0.1-11
Check: whether package can be installed
Result: WARN
Found the following significant warnings:
common.c:36:13: warning: function declaration isn’t a prototype [-Wstrict-prototypes]
See ‘/home/hornik/tmp/R.check/r-devel-gcc/Work/PKGS/tiff.Rcheck/00install.out’ for details.
* used C compiler: ‘gcc-12 (Debian 12.2.0-14) 12.2.0’
Flavor: r-devel-linux-x86_64-debian-gcc
Version: 0.1-11
Check: whether package can be installed
Result: WARN
Found the following significant warnings:
common.c:36:22: warning: a function declaration without a prototype is deprecated in all versions of C [-Wstrict-prototypes]
See ‘/data/gannet/ripley/R/packages/tests-clang/tiff.Rcheck/00install.out’ for details.
* used C compiler: ‘clang version 16.0.5’
Flavor: r-devel-linux-x86_64-fedora-clang
Version: 0.1-11
Check: whether package can be installed
Result: WARN
Found the following significant warnings:
common.c:36:13: warning: function declaration isn't a prototype [-Wstrict-prototypes]
See ‘/data/gannet/ripley/R/packages/tests-devel/tiff.Rcheck/00install.out’ for details.
* used C compiler: ‘gcc-13 (GCC) 13.1.0’
Flavor: r-devel-linux-x86_64-fedora-gcc
Version: 0.1-11
Check: whether package can be installed
Result: WARN
Found the following significant warnings:
common.c:36:13: warning: function declaration isn't a prototype [-Wstrict-prototypes]
See 'd:/Rcompile/CRANpkg/local/4.4/tiff.Rcheck/00install.out' for details.
* used C compiler: 'gcc.exe (GCC) 12.2.0'
Flavor: r-devel-windows-x86_64
Version: 0.1-11
Check: whether package can be installed
Result: WARN
Found the following significant warnings:
common.c:36:13: warning: function declaration isn’t a prototype [-Wstrict-prototypes]
See ‘/home/hornik/tmp/R.check/r-patched-gcc/Work/PKGS/tiff.Rcheck/00install.out’ for details.
* used C compiler: ‘gcc-11 (Debian 11.3.0-12) 11.3.0’
Flavor: r-patched-linux-x86_64
Version: 0.1-11
Check: whether package can be installed
Result: WARN
Found the following significant warnings:
common.c:36:13: warning: function declaration isn’t a prototype [-Wstrict-prototypes]
See ‘/home/hornik/tmp/R.check/r-release-gcc/Work/PKGS/tiff.Rcheck/00install.out’ for details.
* used C compiler: ‘gcc-11 (Debian 11.3.0-12) 11.3.0’
Flavor: r-release-linux-x86_64
Version: 0.1-11
Check: installed package size
Result: NOTE
installed size is 5.6Mb
sub-directories of 1Mb or more:
libs 5.5Mb
Flavors: r-release-macos-arm64, r-release-macos-x86_64, r-oldrel-macos-arm64, r-oldrel-macos-x86_64
Version: 0.1-11
Check: whether package can be installed
Result: ERROR
Installation failed.
Flavor: r-release-windows-x86_64