CRAN Package Check Results for Package tidytreatment

Last updated on 2023-06-07 05:58:35 CEST.

Flavor Version Tinstall Tcheck Ttotal Status Flags
r-devel-linux-x86_64-debian-clang 0.2.2 10.35 113.58 123.93 OK
r-devel-linux-x86_64-debian-gcc 0.2.2 8.88 84.67 93.55 OK
r-devel-linux-x86_64-fedora-clang 0.2.2 159.37 OK
r-devel-linux-x86_64-fedora-gcc 0.2.2 157.82 OK
r-devel-windows-x86_64 0.2.2 10.00 165.00 175.00 OK
r-patched-linux-x86_64 0.2.2 9.89 107.24 117.13 OK
r-release-linux-x86_64 0.2.2 6.97 107.53 114.50 OK
r-release-macos-arm64 0.2.2 56.00 OK
r-release-macos-x86_64 0.2.2 90.00 OK
r-release-windows-x86_64 0.2.2 14.00 184.00 198.00 OK
r-oldrel-macos-arm64 0.2.2 45.00 OK
r-oldrel-macos-x86_64 0.2.2 252.00 NOTE
r-oldrel-windows-x86_64 0.2.2 15.00 189.00 204.00 OK

Check Details

Version: 0.2.2
Check: package dependencies
Result: NOTE
    Package which this enhances but not available for checking: ‘bartMachine’
Flavor: r-oldrel-macos-x86_64