Last updated on 2023-06-07 05:58:35 CEST.
Flavor | Version | Tinstall | Tcheck | Ttotal | Status | Flags |
---|---|---|---|---|---|---|
r-devel-linux-x86_64-debian-clang | 0.5.2 | 3.62 | 65.03 | 68.65 | OK | |
r-devel-linux-x86_64-debian-gcc | 0.5.2 | 2.83 | 48.59 | 51.42 | OK | |
r-devel-linux-x86_64-fedora-clang | 0.5.2 | 86.47 | NOTE | |||
r-devel-linux-x86_64-fedora-gcc | 0.5.2 | 93.24 | NOTE | |||
r-devel-windows-x86_64 | 0.5.2 | 6.00 | 70.00 | 76.00 | OK | |
r-patched-linux-x86_64 | 0.5.2 | 3.79 | 62.58 | 66.37 | OK | |
r-release-linux-x86_64 | 0.5.2 | 2.68 | 62.40 | 65.08 | OK | |
r-release-macos-arm64 | 0.5.2 | 37.00 | OK | |||
r-release-macos-x86_64 | 0.5.2 | 109.00 | OK | |||
r-release-windows-x86_64 | 0.5.2 | 6.00 | 79.00 | 85.00 | OK | |
r-oldrel-macos-arm64 | 0.5.2 | 29.00 | OK | |||
r-oldrel-macos-x86_64 | 0.5.2 | 42.00 | OK | |||
r-oldrel-windows-x86_64 | 0.5.2 | 6.00 | 83.00 | 89.00 | OK |
Version: 0.5.2
Check: data for non-ASCII characters
Result: NOTE
Note: found 113 marked UTF-8 strings
Flavors: r-devel-linux-x86_64-fedora-clang, r-devel-linux-x86_64-fedora-gcc