Last updated on 2023-06-08 05:58:24 CEST.
Flavor | Version | Tinstall | Tcheck | Ttotal | Status | Flags |
---|---|---|---|---|---|---|
r-devel-linux-x86_64-debian-clang | 1.0.7 | 10.70 | 250.35 | 261.05 | OK | |
r-devel-linux-x86_64-debian-gcc | 1.0.7 | 8.88 | 187.34 | 196.22 | OK | |
r-devel-linux-x86_64-fedora-clang | 1.0.7 | 321.78 | NOTE | |||
r-devel-linux-x86_64-fedora-gcc | 1.0.7 | 318.81 | NOTE | |||
r-devel-windows-x86_64 | 1.0.7 | 14.00 | 210.00 | 224.00 | OK | |
r-patched-linux-x86_64 | 1.0.7 | 17.30 | 237.82 | 255.12 | OK | |
r-release-linux-x86_64 | 1.0.7 | 11.02 | 237.40 | 248.42 | OK | |
r-release-macos-arm64 | 1.0.7 | 144.00 | NOTE | |||
r-release-macos-x86_64 | 1.0.7 | 206.00 | OK | |||
r-release-windows-x86_64 | 1.0.7 | 16.00 | 265.00 | 281.00 | OK | |
r-oldrel-macos-arm64 | 1.0.7 | 144.00 | NOTE | |||
r-oldrel-macos-x86_64 | 1.0.7 | 158.00 | OK | |||
r-oldrel-windows-x86_64 | 1.0.7 | 16.00 | 263.00 | 279.00 | OK |
Version: 1.0.7
Check: package dependencies
Result: NOTE
Imports includes 23 non-default packages.
Importing from so many packages makes the package vulnerable to any of
them becoming unavailable. Move as many as possible to Suggests and
use conditionally.
Flavor: r-devel-linux-x86_64-fedora-clang
Version: 1.0.7
Check: dependencies in R code
Result: NOTE
Namespace in Imports field not imported from: ‘tidyverse’
All declared Imports should be used.
Flavors: r-devel-linux-x86_64-fedora-clang, r-devel-linux-x86_64-fedora-gcc
Version: 1.0.7
Check: package dependencies
Result: NOTE
Package suggested but not available for checking: ‘Rblpapi’
Flavors: r-release-macos-arm64, r-oldrel-macos-arm64
Version: 1.0.7
Check: Rd cross-references
Result: NOTE
Package unavailable to check Rd xrefs: ‘Rblpapi’
Flavors: r-release-macos-arm64, r-oldrel-macos-arm64