CRAN Package Check Results for Package theiaR

Last updated on 2023-06-05 05:54:50 CEST.

Flavor Version Tinstall Tcheck Ttotal Status Flags
r-devel-linux-x86_64-debian-clang 0.4.0 6.26 38.70 44.96 NOTE
r-devel-linux-x86_64-debian-gcc 0.4.0 4.03 29.95 33.98 NOTE
r-devel-linux-x86_64-fedora-clang 0.4.0 59.36 NOTE
r-devel-linux-x86_64-fedora-gcc 0.4.0 63.96 NOTE
r-devel-windows-x86_64 0.4.0 6.00 50.00 56.00 NOTE
r-patched-linux-x86_64 0.4.0 5.83 38.21 44.04 NOTE
r-release-linux-x86_64 0.4.0 5.74 35.99 41.73 NOTE
r-release-macos-arm64 0.4.0 30.00 NOTE
r-release-macos-x86_64 0.4.0 44.00 NOTE
r-release-windows-x86_64 0.4.0 8.00 52.00 60.00 NOTE
r-oldrel-macos-arm64 0.4.0 20.00 NOTE
r-oldrel-macos-x86_64 0.4.0 73.00 NOTE
r-oldrel-windows-x86_64 0.4.0 7.00 57.00 64.00 NOTE

Check Details

Version: 0.4.0
Check: LazyData
Result: NOTE
     'LazyData' is specified without a 'data' directory
Flavors: r-devel-linux-x86_64-debian-clang, r-devel-linux-x86_64-debian-gcc, r-devel-linux-x86_64-fedora-clang, r-devel-linux-x86_64-fedora-gcc, r-devel-windows-x86_64, r-patched-linux-x86_64, r-release-linux-x86_64, r-release-macos-arm64, r-release-macos-x86_64, r-release-windows-x86_64, r-oldrel-macos-arm64, r-oldrel-macos-x86_64, r-oldrel-windows-x86_64