Last updated on 2023-06-04 05:50:57 CEST.
Flavor | Version | Tinstall | Tcheck | Ttotal | Status | Flags |
---|---|---|---|---|---|---|
r-devel-linux-x86_64-debian-clang | 0.4.2.4 | 23.83 | 206.00 | 229.83 | OK | |
r-devel-linux-x86_64-debian-gcc | 0.4.2.4 | 18.85 | 152.34 | 171.19 | OK | |
r-devel-linux-x86_64-fedora-clang | 0.4.2.4 | 291.44 | OK | |||
r-devel-linux-x86_64-fedora-gcc | 0.4.2.4 | 275.57 | OK | |||
r-devel-windows-x86_64 | 0.4.2.4 | 21.00 | 157.00 | 178.00 | OK | |
r-patched-linux-x86_64 | 0.4.2.4 | 21.18 | 191.52 | 212.70 | OK | |
r-release-linux-x86_64 | 0.4.2.4 | 17.86 | 194.69 | 212.55 | OK | |
r-release-macos-arm64 | 0.4.2.4 | 89.00 | OK | |||
r-release-macos-x86_64 | 0.4.2.4 | 145.00 | OK | |||
r-release-windows-x86_64 | 0.4.2.4 | 25.00 | 200.00 | 225.00 | OK | |
r-oldrel-macos-arm64 | 0.4.2.4 | 83.00 | ERROR | |||
r-oldrel-macos-x86_64 | 0.4.2.4 | 113.00 | ERROR | |||
r-oldrel-windows-x86_64 | 0.4.2.4 | 28.00 | 200.00 | 228.00 | OK |
Version: 0.4.2.4
Check: PDF version of manual
Result: WARN
LaTeX errors when creating PDF version.
This typically indicates Rd problems.
LaTeX errors found:
! Undefined control sequence.
<argument> x_{i} - \text
{min}(\mathbf {x})
l.449 ...(\mathbf{x}) - \text{min}(\mathbf{x})}}{}
! Undefined control sequence.
<argument> \text
{max}(\mathbf {x}) - \text {min}(\mathbf {x})
l.449 ...(\mathbf{x}) - \text{min}(\mathbf{x})}}{}
! Undefined control sequence.
<argument> \text {max}(\mathbf {x}) - \text
{min}(\mathbf {x})
l.449 ...(\mathbf{x}) - \text{min}(\mathbf{x})}}{}
! Undefined control sequence.
<argument> x_{i} - \text
{median}(\mathbf {x})
l.656 ...\mathbf{x})/{1.35}}\right)\right]^{-1}}{}
! Undefined control sequence.
<argument> \text
{IQR}(\mathbf {x})/{1.35}
l.656 ...\mathbf{x})/{1.35}}\right)\right]^{-1}}{}
Flavors: r-oldrel-macos-arm64, r-oldrel-macos-x86_64
Version: 0.4.2.4
Check: PDF version of manual without index
Result: ERROR
Flavors: r-oldrel-macos-arm64, r-oldrel-macos-x86_64