CRAN Package Check Results for Package tfaddons

Last updated on 2023-06-06 05:55:25 CEST.

Flavor Version Tinstall Tcheck Ttotal Status Flags
r-devel-linux-x86_64-debian-clang 0.10.0 11.27 110.63 121.90 NOTE
r-devel-linux-x86_64-debian-gcc 0.10.0 9.09 84.94 94.03 NOTE
r-devel-linux-x86_64-fedora-clang 0.10.0 160.45 NOTE
r-devel-linux-x86_64-fedora-gcc 0.10.0 173.80 NOTE
r-devel-windows-x86_64 0.10.0 13.00 130.00 143.00 NOTE
r-patched-linux-x86_64 0.10.0 11.88 108.04 119.92 NOTE
r-release-linux-x86_64 0.10.0 9.74 106.54 116.28 NOTE
r-release-macos-arm64 0.10.0 52.00 NOTE
r-release-macos-x86_64 0.10.0 86.00 NOTE
r-release-windows-x86_64 0.10.0 15.00 141.00 156.00 NOTE
r-oldrel-macos-arm64 0.10.0 39.00 NOTE
r-oldrel-macos-x86_64 0.10.0 81.00 NOTE
r-oldrel-windows-x86_64 0.10.0 16.00 123.00 139.00 NOTE

Check Details

Version: 0.10.0
Check: LazyData
Result: NOTE
     'LazyData' is specified without a 'data' directory
Flavors: r-devel-linux-x86_64-debian-clang, r-devel-linux-x86_64-debian-gcc, r-devel-linux-x86_64-fedora-clang, r-devel-linux-x86_64-fedora-gcc, r-devel-windows-x86_64, r-patched-linux-x86_64, r-release-linux-x86_64, r-release-macos-arm64, r-release-macos-x86_64, r-release-windows-x86_64, r-oldrel-macos-arm64, r-oldrel-macos-x86_64, r-oldrel-windows-x86_64