Last updated on 2023-06-04 05:50:57 CEST.
Flavor | Version | Tinstall | Tcheck | Ttotal | Status | Flags |
---|---|---|---|---|---|---|
r-devel-linux-x86_64-debian-clang | 0.2.0 | 6.63 | 78.76 | 85.39 | OK | |
r-devel-linux-x86_64-debian-gcc | 0.2.0 | 5.29 | 59.43 | 64.72 | OK | |
r-devel-linux-x86_64-fedora-clang | 0.2.0 | 130.44 | NOTE | |||
r-devel-linux-x86_64-fedora-gcc | 0.2.0 | 128.19 | NOTE | |||
r-devel-windows-x86_64 | 0.2.0 | 9.00 | 97.00 | 106.00 | OK | |
r-patched-linux-x86_64 | 0.2.0 | 6.83 | 74.81 | 81.64 | OK | |
r-release-linux-x86_64 | 0.2.0 | 4.86 | 72.96 | 77.82 | OK | |
r-release-macos-arm64 | 0.2.0 | 52.00 | OK | |||
r-release-macos-x86_64 | 0.2.0 | 89.00 | OK | |||
r-release-windows-x86_64 | 0.2.0 | 10.00 | 99.00 | 109.00 | OK | |
r-oldrel-macos-arm64 | 0.2.0 | 59.00 | OK | |||
r-oldrel-macos-x86_64 | 0.2.0 | 75.00 | OK | |||
r-oldrel-windows-x86_64 | 0.2.0 | 10.00 | 105.00 | 115.00 | OK |
Version: 0.2.0
Check: for detritus in the temp directory
Result: NOTE
Found the following files/directories:
‘par-7269706c6579’
Flavors: r-devel-linux-x86_64-fedora-clang, r-devel-linux-x86_64-fedora-gcc