Last updated on 2023-06-06 05:55:25 CEST.
Flavor | Version | Tinstall | Tcheck | Ttotal | Status | Flags |
---|---|---|---|---|---|---|
r-devel-linux-x86_64-debian-clang | 0.6.2 | 55.93 | 106.52 | 162.45 | NOTE | |
r-devel-linux-x86_64-debian-gcc | 0.6.2 | 46.55 | 83.10 | 129.65 | NOTE | |
r-devel-linux-x86_64-fedora-clang | 0.6.2 | 218.85 | OK | |||
r-devel-linux-x86_64-fedora-gcc | 0.6.2 | 213.74 | OK | |||
r-devel-windows-x86_64 | 0.6.2 | 41.00 | 117.00 | 158.00 | NOTE | |
r-patched-linux-x86_64 | 0.6.2 | 46.08 | 106.24 | 152.32 | NOTE | |
r-release-linux-x86_64 | 0.6.2 | 46.21 | 106.29 | 152.50 | NOTE | |
r-release-macos-arm64 | 0.6.2 | 66.00 | NOTE | |||
r-release-macos-x86_64 | 0.6.2 | 101.00 | NOTE | |||
r-release-windows-x86_64 | 0.6.2 | 53.00 | 143.00 | 196.00 | NOTE | |
r-oldrel-macos-arm64 | 0.6.2 | 50.00 | NOTE | |||
r-oldrel-macos-x86_64 | 0.6.2 | 77.00 | NOTE | |||
r-oldrel-windows-x86_64 | 0.6.2 | 49.00 | 129.00 | 178.00 | NOTE |
Version: 0.6.2
Check: package dependencies
Result: NOTE
Package suggested but not available for checking: ‘INLA’
Flavors: r-devel-linux-x86_64-debian-clang, r-devel-linux-x86_64-debian-gcc, r-devel-windows-x86_64, r-patched-linux-x86_64, r-release-linux-x86_64, r-release-macos-arm64, r-release-macos-x86_64, r-release-windows-x86_64, r-oldrel-macos-arm64, r-oldrel-macos-x86_64, r-oldrel-windows-x86_64
Version: 0.6.2
Check: installed package size
Result: NOTE
installed size is 11.0Mb
sub-directories of 1Mb or more:
libs 10.5Mb
Flavors: r-release-macos-arm64, r-release-macos-x86_64, r-oldrel-macos-arm64, r-oldrel-macos-x86_64