Last updated on 2023-06-09 05:55:13 CEST.
Flavor | Version | Tinstall | Tcheck | Ttotal | Status | Flags |
---|---|---|---|---|---|---|
r-devel-linux-x86_64-debian-clang | 1.2-11 | 6.07 | 39.67 | 45.74 | NOTE | |
r-devel-linux-x86_64-debian-gcc | 1.2-11 | 4.14 | 30.83 | 34.97 | NOTE | |
r-devel-linux-x86_64-fedora-clang | 1.2-11 | 59.25 | NOTE | |||
r-devel-linux-x86_64-fedora-gcc | 1.2-11 | 56.76 | NOTE | |||
r-devel-windows-x86_64 | 1.2-11 | 8.00 | 54.00 | 62.00 | NOTE | |
r-patched-linux-x86_64 | 1.2-11 | 6.44 | 38.86 | 45.30 | NOTE | |
r-release-linux-x86_64 | 1.2-11 | 5.96 | 38.11 | 44.07 | NOTE | |
r-release-macos-arm64 | 1.2-11 | 28.00 | NOTE | |||
r-release-macos-x86_64 | 1.2-11 | 47.00 | NOTE | |||
r-release-windows-x86_64 | 1.2-11 | 10.00 | 59.00 | 69.00 | NOTE | |
r-oldrel-macos-arm64 | 1.2-11 | 35.00 | NOTE | |||
r-oldrel-macos-x86_64 | 1.2-11 | 45.00 | NOTE | |||
r-oldrel-windows-x86_64 | 1.2-11 | 34.00 | 71.00 | 105.00 | NOTE |
Version: 1.2-11
Check: DESCRIPTION meta-information
Result: NOTE
Malformed Description field: should contain one or more complete sentences.
Flavors: r-devel-linux-x86_64-debian-clang, r-devel-linux-x86_64-debian-gcc, r-devel-linux-x86_64-fedora-clang, r-devel-linux-x86_64-fedora-gcc, r-devel-windows-x86_64, r-patched-linux-x86_64, r-release-linux-x86_64, r-release-macos-arm64, r-release-macos-x86_64, r-release-windows-x86_64, r-oldrel-macos-arm64, r-oldrel-macos-x86_64, r-oldrel-windows-x86_64
Version: 1.2-11
Check: installed package size
Result: NOTE
installed size is 5.2Mb
sub-directories of 1Mb or more:
tklibs 4.9Mb
Flavors: r-devel-linux-x86_64-fedora-clang, r-release-macos-arm64, r-release-macos-x86_64, r-oldrel-macos-arm64, r-oldrel-macos-x86_64