CRAN Package Check Results for Package taxlist

Last updated on 2023-06-09 05:55:13 CEST.

Flavor Version Tinstall Tcheck Ttotal Status Flags
r-devel-linux-x86_64-debian-clang 0.2.4 10.64 78.27 88.91 OK
r-devel-linux-x86_64-debian-gcc 0.2.4 8.87 61.06 69.93 OK
r-devel-linux-x86_64-fedora-clang 0.2.4 113.21 NOTE
r-devel-linux-x86_64-fedora-gcc 0.2.4 119.63 NOTE
r-devel-windows-x86_64 0.2.4 12.00 86.00 98.00 OK
r-patched-linux-x86_64 0.2.4 16.84 75.65 92.49 OK
r-release-linux-x86_64 0.2.4 6.83 75.87 82.70 OK
r-release-macos-arm64 0.2.4 44.00 OK
r-release-macos-x86_64 0.2.4 71.00 OK
r-release-windows-x86_64 0.2.4 13.00 100.00 113.00 OK
r-oldrel-macos-arm64 0.2.4 29.00 OK
r-oldrel-macos-x86_64 0.2.4 49.00 OK
r-oldrel-windows-x86_64 0.2.4 14.00 97.00 111.00 OK

Check Details

Version: 0.2.4
Check: data for non-ASCII characters
Result: NOTE
     Note: found 137 marked UTF-8 strings
Flavors: r-devel-linux-x86_64-fedora-clang, r-devel-linux-x86_64-fedora-gcc