CRAN Package Check Results for Package taipan

Last updated on 2023-06-06 05:55:25 CEST.

Flavor Version Tinstall Tcheck Ttotal Status Flags
r-devel-linux-x86_64-debian-clang 0.1.2 4.05 39.53 43.58 NOTE
r-devel-linux-x86_64-debian-gcc 0.1.2 3.52 31.58 35.10 NOTE
r-devel-linux-x86_64-fedora-clang 0.1.2 56.41 NOTE
r-devel-linux-x86_64-fedora-gcc 0.1.2 65.22 NOTE
r-devel-windows-x86_64 0.1.2 6.00 54.00 60.00 NOTE
r-patched-linux-x86_64 0.1.2 4.40 39.12 43.52 NOTE
r-release-linux-x86_64 0.1.2 4.41 39.05 43.46 NOTE
r-release-macos-arm64 0.1.2 29.00 NOTE
r-release-macos-x86_64 0.1.2 43.00 NOTE
r-release-windows-x86_64 0.1.2 7.00 57.00 64.00 NOTE
r-oldrel-macos-arm64 0.1.2 23.00 NOTE
r-oldrel-macos-x86_64 0.1.2 40.00 NOTE
r-oldrel-windows-x86_64 0.1.2 7.00 65.00 72.00 NOTE

Check Details

Version: 0.1.2
Check: LazyData
Result: NOTE
     'LazyData' is specified without a 'data' directory
Flavors: r-devel-linux-x86_64-debian-clang, r-devel-linux-x86_64-debian-gcc, r-devel-linux-x86_64-fedora-clang, r-devel-linux-x86_64-fedora-gcc, r-devel-windows-x86_64, r-patched-linux-x86_64, r-release-linux-x86_64, r-release-macos-arm64, r-release-macos-x86_64, r-release-windows-x86_64, r-oldrel-macos-arm64, r-oldrel-macos-x86_64, r-oldrel-windows-x86_64